{"id":60,"date":"2019-05-07T16:27:30","date_gmt":"2019-05-07T14:27:30","guid":{"rendered":"http:\/\/afie-asso.fr\/?page_id=60"},"modified":"2024-04-08T10:47:49","modified_gmt":"2024-04-08T08:47:49","slug":"partenaires","status":"publish","type":"page","link":"https:\/\/afie-asso.fr\/index.php\/partenaires\/","title":{"rendered":"Partenaires"},"content":{"rendered":"\n<p>L\u2019AFIE a pass\u00e9 une convention de partenariat avec les organisations suivantes qui comptent au moins un \u00e9cologue membre AFIE au sein de leur \u00e9quipe. <\/p>\n\n\n\n<p><em>Si votre organisation souhaite aussi devenir partenaire de l\u2019AFIE, nous vous invitons \u00e0&nbsp;prendre contact avec nous (contact(at)afie.net).<\/em><\/p>\n\n\n\n<h2 class=\"wp-block-heading\"><a rel=\"noreferrer noopener\" href=\"https:\/\/www.terroiko.fr\" target=\"_blank\">TerrO\u00efko<\/a><\/h2>\n\n\n\n<p>Fond\u00e9e en 2012, TerrO\u00efko d\u00e9veloppe et met en oeuvre des solutions num\u00e9riques de traitement, d&rsquo;analyse et de mod\u00e9lisation de donn\u00e9es au service de la biodiversit\u00e9.<\/p>\n\n\n\n<p>Ses activit\u00e9s s&rsquo;articulent autour de trois m\u00e9tiers : d\u00e9veloppement de solutions logicielles, conduite et accompagnement de projets et d&rsquo;\u00e9tudes dans les territoires, programmes de recherche scientifique. TerrO\u00efko a notamment d\u00e9velopp\u00e9 SimO\u00efko, logiciel de simulation de la vie de la faune et la flore dans un paysage, et Ocapi, solution d\u00e9di\u00e9e au suivi d&rsquo;esp\u00e8ces par intelligence artificielle.<\/p>\n\n\n\n<p>Ses outils et services s&rsquo;adressent aux donneurs d&rsquo;ordre publics et priv\u00e9s et aux bureaux d&rsquo;\u00e9tudes impliqu\u00e9s dans l&rsquo;am\u00e9nagement industriel et urbain, la planification territoriale, les infrastructures de transport et d&rsquo;\u00e9nergie, les espaces naturels et programmes de conservation de la nature, le BTP et l&rsquo;immobilier, l&rsquo;\u00e9valuation des politiques publiques, la coop\u00e9ration scientifique internationale.<\/p>\n\n\n<div class=\"wp-block-image\">\n<figure class=\"aligncenter size-large is-resized\"><img loading=\"lazy\" decoding=\"async\" width=\"1024\" height=\"819\" src=\"https:\/\/afie-asso.fr\/wp-content\/uploads\/2021\/02\/Logo_TerrOiko-1024x819.jpg\" alt=\"\" class=\"wp-image-1067\" style=\"width:256px;height:205px\" srcset=\"https:\/\/afie-asso.fr\/wp-content\/uploads\/2021\/02\/Logo_TerrOiko-1024x819.jpg 1024w, https:\/\/afie-asso.fr\/wp-content\/uploads\/2021\/02\/Logo_TerrOiko-300x240.jpg 300w, https:\/\/afie-asso.fr\/wp-content\/uploads\/2021\/02\/Logo_TerrOiko-768x615.jpg 768w, https:\/\/afie-asso.fr\/wp-content\/uploads\/2021\/02\/Logo_TerrOiko.jpg 1181w\" sizes=\"auto, (max-width: 1024px) 100vw, 1024px\" \/><\/figure>\n<\/div>\n\n\n<h2 class=\"wp-block-heading\"><a aria-label=\"Universit\u00e9 Catholique de l\u2019Ouest (s\u2019ouvre dans un nouvel onglet)\" href=\"http:\/\/www.uco.fr\/formation\/diplomes\/master-mention-ecologie-environnement-specialite-ecologie-et-developpement-durable-770.kjsp?RH=SITE1_RP2-FR\" target=\"_blank\" rel=\"noreferrer noopener\">Universit\u00e9 Catholique de l\u2019Ouest<\/a><\/h2>\n\n\n\n<p>Cette universit\u00e9 dispense un master (bac+5) qui forme des cadres sup\u00e9rieurs ayant de multi-comp\u00e9tences en \u00e9cologie des ressources naturelles, \u00e9cologie urbaine et gestion de l\u2019environnement dans une perspective de d\u00e9veloppement durable.<\/p>\n\n\n<div class=\"wp-block-image\">\n<figure class=\"aligncenter\"><img loading=\"lazy\" decoding=\"async\" width=\"339\" height=\"89\" src=\"https:\/\/afie-asso.fr\/wp-content\/uploads\/2019\/07\/logo_UCO.png\" alt=\"\" class=\"wp-image-320\" srcset=\"https:\/\/afie-asso.fr\/wp-content\/uploads\/2019\/07\/logo_UCO.png 339w, https:\/\/afie-asso.fr\/wp-content\/uploads\/2019\/07\/logo_UCO-300x79.png 300w\" sizes=\"auto, (max-width: 339px) 100vw, 339px\" \/><\/figure>\n<\/div>\n\n\n<h2 class=\"wp-block-heading\"><a aria-label=\"Ecosph\u00e8re (s\u2019ouvre dans un nouvel onglet)\" href=\"http:\/\/www.ecosphere.fr\/\" target=\"_blank\" rel=\"noreferrer noopener\">Ecosph\u00e8re<\/a><\/h2>\n\n\n\n<p>Ce bureau d\u2019\u00e9tudes en environnement est&nbsp;sp\u00e9cialis\u00e9 dans l\u2019expertise \u00e9cologique, le conseil et l\u2019am\u00e9nagement des milieux naturels (territoire national). <\/p>\n\n\n<div class=\"wp-block-image\">\n<figure class=\"aligncenter\"><img loading=\"lazy\" decoding=\"async\" width=\"222\" height=\"192\" src=\"https:\/\/afie-asso.fr\/wp-content\/uploads\/2019\/07\/Logo_Ecosphere.jpg\" alt=\"\" class=\"wp-image-318\"\/><\/figure>\n<\/div>\n\n\n<p><em>A compter du 1er juillet 2016, Ecosph\u00e8re est partenaire \u00ab communication et valorisation \u00bb de l\u2019AFIE. Elle partage et respecte le code d\u00e9ontologique de l\u2019AFIE. Plusieurs salari\u00e9s d\u2019Ecosph\u00e8re sont adh\u00e9rents et actifs au sein de l\u2019association. \u00c9COSPH\u00c8RE intervient depuis plus de 25 ans en \u00ab conseil et ing\u00e9nierie pour la nature et le d\u00e9veloppement durable \u00bb, principalement sur le territoire national et europ\u00e9en. \u0152uvrant dans un domaine environnemental en forte \u00e9volution, elle a su s\u2019adapter \u00e0 son march\u00e9, avec une implantation nationale (10 sites) tout en restant totalement ind\u00e9pendante, \u00e0 taille humaine et fid\u00e8le \u00e0 ses valeurs fondamentales : conviction, rigueur et dialogue. Son \u00e9quipe de professionnels hautement qualifi\u00e9s (\u00e9cologues, agronomes, ing\u00e9nieurs, cartographes SIGistes&#8230;) apporte une expertise objective et un conseil r\u00e9pondant aux sp\u00e9cificit\u00e9s des projets, dans un souci de qualit\u00e9, de pragmatisme et d\u2019innovation.  <\/em><\/p>\n\n\n\n<h2 class=\"wp-block-heading\"><a aria-label=\"Auddic\u00e9 (s\u2019ouvre dans un nouvel onglet)\" href=\"http:\/\/www.auddice.com\/\" target=\"_blank\" rel=\"noreferrer noopener\">Auddic\u00e9<\/a><\/h2>\n\n\n\n<p>Ce bureau d\u2019\u00e9tudes et de conseils est sp\u00e9cialis\u00e9 sur les th\u00e9matiques de l\u2019environnement et du d\u00e9veloppement durable.<\/p>\n\n\n<div class=\"wp-block-image\">\n<figure class=\"aligncenter\"><img loading=\"lazy\" decoding=\"async\" width=\"225\" height=\"225\" src=\"https:\/\/afie-asso.fr\/wp-content\/uploads\/2019\/07\/logo_auddice.jpg\" alt=\"\" class=\"wp-image-317\" srcset=\"https:\/\/afie-asso.fr\/wp-content\/uploads\/2019\/07\/logo_auddice.jpg 225w, https:\/\/afie-asso.fr\/wp-content\/uploads\/2019\/07\/logo_auddice-150x150.jpg 150w\" sizes=\"auto, (max-width: 225px) 100vw, 225px\" \/><\/figure>\n<\/div>\n\n\n<div class=\"wp-block-group\"><div class=\"wp-block-group__inner-container is-layout-flow wp-block-group-is-layout-flow\">\n<p><em>Auddic\u00e9 accompagne les acteurs des entreprises et des territoires pour la prise en compte des enjeux de d\u00e9veloppement durable dans les projets de territoires, l\u2019am\u00e9nagement, les \u00e9nergies renouvelables et l\u2019industrie. Ses 5 grands domaines de comp\u00e9tences sont l\u2019environnement, la biodiversit\u00e9, l\u2019urbanisme, l\u2019am\u00e9nagement et la formation.<\/em><\/p>\n\n\n\n<p><em>Dans un contexte juridique et conjoncturel toujours plus complexe, c\u2019est en associant expertise, cr\u00e9ativit\u00e9, d\u00e9marche partenariale et vision d\u2019ensemble qu\u2019Auddic\u00e9 accompagne ses clients dans la r\u00e9ussite de leurs projets.<\/em><\/p>\n\n\n\n<p><em>Auddic\u00e9, c\u2019est surtout 90 collaborateurs \u00e0 votre \u00e9coute r\u00e9partis dans 6 agences en France. Une \u00e9quipe \u00e0 taille humaine toujours en veille et en \u00e9volution afin d\u2019inventer avec vous les solutions \u00e9coresponsables et de mettre en \u0153uvre la transition \u00e9cologique.<\/em><\/p>\n\n\n\n<p><em>Plusieurs de ses \u00e9cologues sont AFIE depuis plus de 10 ans. C\u2019est tout naturellement qu\u2019Auddic\u00e9 soutient l\u2019AFIE avec qui elle partage valeurs et d\u00e9ontologie.<\/em><\/p>\n\n\n\n<p><\/p>\n<\/div><\/div>\n\n\n\n<h2 class=\"wp-block-heading\"><a aria-label=\"Universit\u00e9 Catholique de Lille (s\u2019ouvre dans un nouvel onglet)\" href=\"http:\/\/www.univ-catholille.fr\/formations\/fiche-formation.asp?etb_Id=15&amp;parc_id=1974\" target=\"_blank\" rel=\"noreferrer noopener\">Universit\u00e9 Catholique de Lille<\/a><\/h2>\n\n\n\n<p>Cette universit\u00e9 dispense un master (bac+5) qui forme des cadres sup\u00e9rieurs ayant de multi-comp\u00e9tences en \u00e9cologie des ressources naturelles, \u00e9cologie urbaine et gestion de l\u2019environnement dans une perspective de d\u00e9veloppement durable.<\/p>\n\n\n<div class=\"wp-block-image\">\n<figure class=\"aligncenter\"><img loading=\"lazy\" decoding=\"async\" width=\"245\" height=\"128\" src=\"https:\/\/afie-asso.fr\/wp-content\/uploads\/2019\/07\/logo_UCL.gif\" alt=\"\" class=\"wp-image-319\"\/><\/figure>\n<\/div>","protected":false},"excerpt":{"rendered":"<p>L\u2019AFIE a pass\u00e9 une convention de partenariat avec les organisations suivantes qui comptent au moins un \u00e9cologue membre AFIE au sein de leur \u00e9quipe. Si votre organisation souhaite aussi devenir partenaire de l\u2019AFIE, nous vous invitons \u00e0&nbsp;prendre contact avec nous (contact(at)afie.net). TerrO\u00efko Fond\u00e9e en 2012, TerrO\u00efko d\u00e9veloppe et met en oeuvre des solutions num\u00e9riques de [&hellip;]<\/p>\n","protected":false},"author":1,"featured_media":0,"parent":0,"menu_order":5,"comment_status":"closed","ping_status":"closed","template":"","meta":{"footnotes":""},"class_list":["post-60","page","type-page","status-publish","hentry"],"yoast_head":"<!-- This site is optimized with the Yoast SEO plugin v27.3 - https:\/\/yoast.com\/product\/yoast-seo-wordpress\/ -->\n<title>Partenaires - AFIE<\/title>\n<meta name=\"robots\" content=\"index, follow, max-snippet:-1, max-image-preview:large, max-video-preview:-1\" \/>\n<link rel=\"canonical\" href=\"https:\/\/afie-asso.fr\/index.php\/partenaires\/\" \/>\n<meta property=\"og:locale\" content=\"fr_FR\" \/>\n<meta property=\"og:type\" content=\"article\" \/>\n<meta property=\"og:title\" content=\"Partenaires - AFIE\" \/>\n<meta property=\"og:description\" content=\"L\u2019AFIE a pass\u00e9 une convention de partenariat avec les organisations suivantes qui comptent au moins un \u00e9cologue membre AFIE au sein de leur \u00e9quipe. Si votre organisation souhaite aussi devenir partenaire de l\u2019AFIE, nous vous invitons \u00e0&nbsp;prendre contact avec nous (contact(at)afie.net). TerrO\u00efko Fond\u00e9e en 2012, TerrO\u00efko d\u00e9veloppe et met en oeuvre des solutions num\u00e9riques de [&hellip;]\" \/>\n<meta property=\"og:url\" content=\"https:\/\/afie-asso.fr\/index.php\/partenaires\/\" \/>\n<meta property=\"og:site_name\" content=\"AFIE\" \/>\n<meta property=\"article:modified_time\" content=\"2024-04-08T08:47:49+00:00\" \/>\n<meta property=\"og:image\" content=\"http:\/\/afie-asso.fr\/wp-content\/uploads\/2021\/02\/Logo_TerrOiko-1024x819.jpg\" \/>\n<meta name=\"twitter:card\" content=\"summary_large_image\" \/>\n<meta name=\"twitter:label1\" content=\"Dur\u00e9e de lecture estim\u00e9e\" \/>\n\t<meta name=\"twitter:data1\" content=\"4 minutes\" \/>\n<script type=\"application\/ld+json\" class=\"yoast-schema-graph\">{\"@context\":\"https:\\\/\\\/schema.org\",\"@graph\":[{\"@type\":\"WebPage\",\"@id\":\"https:\\\/\\\/afie-asso.fr\\\/index.php\\\/partenaires\\\/\",\"url\":\"https:\\\/\\\/afie-asso.fr\\\/index.php\\\/partenaires\\\/\",\"name\":\"Partenaires - AFIE\",\"isPartOf\":{\"@id\":\"https:\\\/\\\/afie-asso.fr\\\/#website\"},\"primaryImageOfPage\":{\"@id\":\"https:\\\/\\\/afie-asso.fr\\\/index.php\\\/partenaires\\\/#primaryimage\"},\"image\":{\"@id\":\"https:\\\/\\\/afie-asso.fr\\\/index.php\\\/partenaires\\\/#primaryimage\"},\"thumbnailUrl\":\"http:\\\/\\\/afie-asso.fr\\\/wp-content\\\/uploads\\\/2021\\\/02\\\/Logo_TerrOiko-1024x819.jpg\",\"datePublished\":\"2019-05-07T14:27:30+00:00\",\"dateModified\":\"2024-04-08T08:47:49+00:00\",\"breadcrumb\":{\"@id\":\"https:\\\/\\\/afie-asso.fr\\\/index.php\\\/partenaires\\\/#breadcrumb\"},\"inLanguage\":\"fr-FR\",\"potentialAction\":[{\"@type\":\"ReadAction\",\"target\":[\"https:\\\/\\\/afie-asso.fr\\\/index.php\\\/partenaires\\\/\"]}]},{\"@type\":\"ImageObject\",\"inLanguage\":\"fr-FR\",\"@id\":\"https:\\\/\\\/afie-asso.fr\\\/index.php\\\/partenaires\\\/#primaryimage\",\"url\":\"http:\\\/\\\/afie-asso.fr\\\/wp-content\\\/uploads\\\/2021\\\/02\\\/Logo_TerrOiko-1024x819.jpg\",\"contentUrl\":\"http:\\\/\\\/afie-asso.fr\\\/wp-content\\\/uploads\\\/2021\\\/02\\\/Logo_TerrOiko-1024x819.jpg\"},{\"@type\":\"BreadcrumbList\",\"@id\":\"https:\\\/\\\/afie-asso.fr\\\/index.php\\\/partenaires\\\/#breadcrumb\",\"itemListElement\":[{\"@type\":\"ListItem\",\"position\":1,\"name\":\"Accueil\",\"item\":\"https:\\\/\\\/afie-asso.fr\\\/\"},{\"@type\":\"ListItem\",\"position\":2,\"name\":\"Partenaires\"}]},{\"@type\":\"WebSite\",\"@id\":\"https:\\\/\\\/afie-asso.fr\\\/#website\",\"url\":\"https:\\\/\\\/afie-asso.fr\\\/\",\"name\":\"AFIE\",\"description\":\"Association Fran\u00e7aise Interprofessionnelle des Ecologues\",\"publisher\":{\"@id\":\"https:\\\/\\\/afie-asso.fr\\\/#organization\"},\"potentialAction\":[{\"@type\":\"SearchAction\",\"target\":{\"@type\":\"EntryPoint\",\"urlTemplate\":\"https:\\\/\\\/afie-asso.fr\\\/?s={search_term_string}\"},\"query-input\":{\"@type\":\"PropertyValueSpecification\",\"valueRequired\":true,\"valueName\":\"search_term_string\"}}],\"inLanguage\":\"fr-FR\"},{\"@type\":\"Organization\",\"@id\":\"https:\\\/\\\/afie-asso.fr\\\/#organization\",\"name\":\"AFIE\",\"url\":\"https:\\\/\\\/afie-asso.fr\\\/\",\"logo\":{\"@type\":\"ImageObject\",\"inLanguage\":\"fr-FR\",\"@id\":\"https:\\\/\\\/afie-asso.fr\\\/#\\\/schema\\\/logo\\\/image\\\/\",\"url\":\"https:\\\/\\\/afie-asso.fr\\\/wp-content\\\/uploads\\\/2019\\\/05\\\/cropped-logo-AFIE-3.png\",\"contentUrl\":\"https:\\\/\\\/afie-asso.fr\\\/wp-content\\\/uploads\\\/2019\\\/05\\\/cropped-logo-AFIE-3.png\",\"width\":555,\"height\":459,\"caption\":\"AFIE\"},\"image\":{\"@id\":\"https:\\\/\\\/afie-asso.fr\\\/#\\\/schema\\\/logo\\\/image\\\/\"}}]}<\/script>\n<!-- \/ Yoast SEO plugin. -->","yoast_head_json":{"title":"Partenaires - AFIE","robots":{"index":"index","follow":"follow","max-snippet":"max-snippet:-1","max-image-preview":"max-image-preview:large","max-video-preview":"max-video-preview:-1"},"canonical":"https:\/\/afie-asso.fr\/index.php\/partenaires\/","og_locale":"fr_FR","og_type":"article","og_title":"Partenaires - AFIE","og_description":"L\u2019AFIE a pass\u00e9 une convention de partenariat avec les organisations suivantes qui comptent au moins un \u00e9cologue membre AFIE au sein de leur \u00e9quipe. Si votre organisation souhaite aussi devenir partenaire de l\u2019AFIE, nous vous invitons \u00e0&nbsp;prendre contact avec nous (contact(at)afie.net). TerrO\u00efko Fond\u00e9e en 2012, TerrO\u00efko d\u00e9veloppe et met en oeuvre des solutions num\u00e9riques de [&hellip;]","og_url":"https:\/\/afie-asso.fr\/index.php\/partenaires\/","og_site_name":"AFIE","article_modified_time":"2024-04-08T08:47:49+00:00","og_image":[{"url":"http:\/\/afie-asso.fr\/wp-content\/uploads\/2021\/02\/Logo_TerrOiko-1024x819.jpg","type":"","width":"","height":""}],"twitter_card":"summary_large_image","twitter_misc":{"Dur\u00e9e de lecture estim\u00e9e":"4 minutes"},"schema":{"@context":"https:\/\/schema.org","@graph":[{"@type":"WebPage","@id":"https:\/\/afie-asso.fr\/index.php\/partenaires\/","url":"https:\/\/afie-asso.fr\/index.php\/partenaires\/","name":"Partenaires - AFIE","isPartOf":{"@id":"https:\/\/afie-asso.fr\/#website"},"primaryImageOfPage":{"@id":"https:\/\/afie-asso.fr\/index.php\/partenaires\/#primaryimage"},"image":{"@id":"https:\/\/afie-asso.fr\/index.php\/partenaires\/#primaryimage"},"thumbnailUrl":"http:\/\/afie-asso.fr\/wp-content\/uploads\/2021\/02\/Logo_TerrOiko-1024x819.jpg","datePublished":"2019-05-07T14:27:30+00:00","dateModified":"2024-04-08T08:47:49+00:00","breadcrumb":{"@id":"https:\/\/afie-asso.fr\/index.php\/partenaires\/#breadcrumb"},"inLanguage":"fr-FR","potentialAction":[{"@type":"ReadAction","target":["https:\/\/afie-asso.fr\/index.php\/partenaires\/"]}]},{"@type":"ImageObject","inLanguage":"fr-FR","@id":"https:\/\/afie-asso.fr\/index.php\/partenaires\/#primaryimage","url":"http:\/\/afie-asso.fr\/wp-content\/uploads\/2021\/02\/Logo_TerrOiko-1024x819.jpg","contentUrl":"http:\/\/afie-asso.fr\/wp-content\/uploads\/2021\/02\/Logo_TerrOiko-1024x819.jpg"},{"@type":"BreadcrumbList","@id":"https:\/\/afie-asso.fr\/index.php\/partenaires\/#breadcrumb","itemListElement":[{"@type":"ListItem","position":1,"name":"Accueil","item":"https:\/\/afie-asso.fr\/"},{"@type":"ListItem","position":2,"name":"Partenaires"}]},{"@type":"WebSite","@id":"https:\/\/afie-asso.fr\/#website","url":"https:\/\/afie-asso.fr\/","name":"AFIE","description":"Association Fran\u00e7aise Interprofessionnelle des Ecologues","publisher":{"@id":"https:\/\/afie-asso.fr\/#organization"},"potentialAction":[{"@type":"SearchAction","target":{"@type":"EntryPoint","urlTemplate":"https:\/\/afie-asso.fr\/?s={search_term_string}"},"query-input":{"@type":"PropertyValueSpecification","valueRequired":true,"valueName":"search_term_string"}}],"inLanguage":"fr-FR"},{"@type":"Organization","@id":"https:\/\/afie-asso.fr\/#organization","name":"AFIE","url":"https:\/\/afie-asso.fr\/","logo":{"@type":"ImageObject","inLanguage":"fr-FR","@id":"https:\/\/afie-asso.fr\/#\/schema\/logo\/image\/","url":"https:\/\/afie-asso.fr\/wp-content\/uploads\/2019\/05\/cropped-logo-AFIE-3.png","contentUrl":"https:\/\/afie-asso.fr\/wp-content\/uploads\/2019\/05\/cropped-logo-AFIE-3.png","width":555,"height":459,"caption":"AFIE"},"image":{"@id":"https:\/\/afie-asso.fr\/#\/schema\/logo\/image\/"}}]}},"rttpg_featured_image_url":null,"rttpg_author":{"display_name":"M\u00e9lanie","author_link":"https:\/\/afie-asso.fr\/index.php\/author\/admin6654\/"},"rttpg_comment":0,"rttpg_category":null,"rttpg_excerpt":"L\u2019AFIE a pass\u00e9 une convention de partenariat avec les organisations suivantes qui comptent au moins un \u00e9cologue membre AFIE au sein de leur \u00e9quipe. Si votre organisation souhaite aussi devenir partenaire de l\u2019AFIE, nous vous invitons \u00e0&nbsp;prendre contact avec nous (contact(at)afie.net). TerrO\u00efko Fond\u00e9e en 2012, TerrO\u00efko d\u00e9veloppe et met en oeuvre des solutions num\u00e9riques de\u2026","_links":{"self":[{"href":"https:\/\/afie-asso.fr\/index.php\/wp-json\/wp\/v2\/pages\/60","targetHints":{"allow":["GET"]}}],"collection":[{"href":"https:\/\/afie-asso.fr\/index.php\/wp-json\/wp\/v2\/pages"}],"about":[{"href":"https:\/\/afie-asso.fr\/index.php\/wp-json\/wp\/v2\/types\/page"}],"author":[{"embeddable":true,"href":"https:\/\/afie-asso.fr\/index.php\/wp-json\/wp\/v2\/users\/1"}],"replies":[{"embeddable":true,"href":"https:\/\/afie-asso.fr\/index.php\/wp-json\/wp\/v2\/comments?post=60"}],"version-history":[{"count":13,"href":"https:\/\/afie-asso.fr\/index.php\/wp-json\/wp\/v2\/pages\/60\/revisions"}],"predecessor-version":[{"id":1404,"href":"https:\/\/afie-asso.fr\/index.php\/wp-json\/wp\/v2\/pages\/60\/revisions\/1404"}],"wp:attachment":[{"href":"https:\/\/afie-asso.fr\/index.php\/wp-json\/wp\/v2\/media?parent=60"}],"curies":[{"name":"wp","href":"https:\/\/api.w.org\/{rel}","templated":true}]}}