{"id":50,"date":"2019-05-07T16:25:34","date_gmt":"2019-05-07T14:25:34","guid":{"rendered":"http:\/\/afie-asso.fr\/?page_id=50"},"modified":"2020-06-04T20:20:21","modified_gmt":"2020-06-04T18:20:21","slug":"pourquoi-adherer","status":"publish","type":"page","link":"https:\/\/afie-asso.fr\/index.php\/adherer-a-lafie\/pourquoi-adherer\/","title":{"rendered":"Pourquoi adh\u00e9rer ?"},"content":{"rendered":"\n<div class=\"wp-block-image\"><figure class=\"alignleft size-large is-resized\"><img loading=\"lazy\" decoding=\"async\" src=\"https:\/\/afie-asso.fr\/wp-content\/uploads\/2020\/06\/Instances_03.jpg\" alt=\"\" class=\"wp-image-716\" width=\"332\" height=\"221\" srcset=\"https:\/\/afie-asso.fr\/wp-content\/uploads\/2020\/06\/Instances_03.jpg 847w, https:\/\/afie-asso.fr\/wp-content\/uploads\/2020\/06\/Instances_03-300x200.jpg 300w, https:\/\/afie-asso.fr\/wp-content\/uploads\/2020\/06\/Instances_03-768x512.jpg 768w\" sizes=\"auto, (max-width: 332px) 100vw, 332px\" \/><\/figure><\/div>\n\n\n\n<p><strong>Faire parti(e) d\u2019un r\u00e9seau national d\u2019\u00e9cologues<\/strong> que l\u2019on peut solliciter via le r\u00e9seau r\u00e9gional ou la liste de discussions \u00e9lectronique (questions d\u2019ordre technique, m\u00e9thodologique, bibliographique, \u00e9thique&#8230;), et ainsi d\u00e9velopper vos contacts professionnels (r\u00e9seau d\u2019\u00e9changes et de soutien)<\/p>\n\n\n\n<p><strong>Soutenir l\u2019association nationale qui d\u00e9fend la profession d\u2019\u00e9cologue <\/strong>dans toutes les instances de la soci\u00e9t\u00e9 et des institutions fran\u00e7aises (Minist\u00e8res et services associ\u00e9s, P\u00f4le Emploi&#8230;) par le biais de son code de d\u00e9ontologie (int\u00e9grit\u00e9 et transparence des prestations) et la promotion de bonnes pratiques (m\u00e9thodologies d\u2019inventaires et gestion des milieux)<\/p>\n\n\n\n<p><strong>Recevoir des informations cibl\u00e9es sur l\u2019\u00e9cologie appliqu\u00e9e <\/strong>(actualit\u00e9s, \u00e9v\u00e9nements, formations&#8230;) qui sont diffus\u00e9es via un groupe de discussions \u00e9lectronique<\/p>\n\n\n\n<p><strong>Avoir acc\u00e8s \u00e0 des offres d\u2019emploi cibl\u00e9es <\/strong>pour des \u00e9cologues souvent avant leur diffusion dans les m\u00e9dias sp\u00e9cialis\u00e9s<\/p>\n\n\n\n<p><strong>\u00catre inscrit(e) \u00e0 l\u2019annuaire des membres <\/strong>et ainsi se faire connaitre aupr\u00e8s des autres membres ou tout autre public cherchant des \u00e9cologues professionnels pour leurs comp\u00e9tences et savoir-faire<\/p>\n\n\n\n<p><strong>Pouvoir contribuer ou assister \u00e0 diff\u00e9rents travaux collaboratifs <\/strong>pour lesquels on ne pourrait le faire \u00e0 titre personnel ou pour lesquels la structure dans laquelle on travaille n\u2019est pas sollicit\u00e9e<\/p>\n\n\n\n<p><strong>B\u00e9n\u00e9ficier d\u2019un tarif r\u00e9duit voir de la gratuit\u00e9 lors de l\u2019inscription \u00e0 un \u00e9v\u00e8nement.<\/strong> C\u2019est le cas par exemple pour les Assises nationales de la biodiversit\u00e9, qui ont lieu tous les ans depuis 2011. Les adh\u00e9rents AFIE b\u00e9n\u00e9ficient de la gratuit\u00e9 des frais d\u2019inscription, ce qui repr\u00e9sente une \u00e9conomie de 200 \u20ac environ&#8230;&nbsp;<\/p>\n\n\n\n<p><strong>Vous engager \u00e0 mettre en \u0153uvre, d\u00e9fendre et promouvoir des pratiques suivant le <a href=\"https:\/\/afie-asso.fr\/wp-content\/uploads\/2019\/07\/AFIE_Code_deontologie.pdf\" target=\"_blank\" rel=\"noreferrer noopener\" aria-label=\"code d\u00e9ontologique  (s\u2019ouvre dans un nouvel onglet)\">code d\u00e9ontologique <\/a>de la profession<\/strong><\/p>\n","protected":false},"excerpt":{"rendered":"<p>Faire parti(e) d\u2019un r\u00e9seau national d\u2019\u00e9cologues que l\u2019on peut solliciter via le r\u00e9seau r\u00e9gional ou la liste de discussions \u00e9lectronique (questions d\u2019ordre technique, m\u00e9thodologique, bibliographique, \u00e9thique&#8230;), et ainsi d\u00e9velopper vos contacts professionnels (r\u00e9seau d\u2019\u00e9changes et de soutien) Soutenir l\u2019association nationale qui d\u00e9fend la profession d\u2019\u00e9cologue dans toutes les instances de la soci\u00e9t\u00e9 et des institutions [&hellip;]<\/p>\n","protected":false},"author":1,"featured_media":0,"parent":48,"menu_order":1,"comment_status":"closed","ping_status":"closed","template":"","meta":{"footnotes":""},"class_list":["post-50","page","type-page","status-publish","hentry"],"yoast_head":"<!-- This site is optimized with the Yoast SEO plugin v27.3 - https:\/\/yoast.com\/product\/yoast-seo-wordpress\/ -->\n<title>Pourquoi adh\u00e9rer ? - AFIE<\/title>\n<meta name=\"robots\" content=\"index, follow, max-snippet:-1, max-image-preview:large, max-video-preview:-1\" \/>\n<link rel=\"canonical\" href=\"https:\/\/afie-asso.fr\/index.php\/adherer-a-lafie\/pourquoi-adherer\/\" \/>\n<meta property=\"og:locale\" content=\"fr_FR\" \/>\n<meta property=\"og:type\" content=\"article\" \/>\n<meta property=\"og:title\" content=\"Pourquoi adh\u00e9rer ? - AFIE\" \/>\n<meta property=\"og:description\" content=\"Faire parti(e) d\u2019un r\u00e9seau national d\u2019\u00e9cologues que l\u2019on peut solliciter via le r\u00e9seau r\u00e9gional ou la liste de discussions \u00e9lectronique (questions d\u2019ordre technique, m\u00e9thodologique, bibliographique, \u00e9thique&#8230;), et ainsi d\u00e9velopper vos contacts professionnels (r\u00e9seau d\u2019\u00e9changes et de soutien) Soutenir l\u2019association nationale qui d\u00e9fend la profession d\u2019\u00e9cologue dans toutes les instances de la soci\u00e9t\u00e9 et des institutions [&hellip;]\" \/>\n<meta property=\"og:url\" content=\"https:\/\/afie-asso.fr\/index.php\/adherer-a-lafie\/pourquoi-adherer\/\" \/>\n<meta property=\"og:site_name\" content=\"AFIE\" \/>\n<meta property=\"article:modified_time\" content=\"2020-06-04T18:20:21+00:00\" \/>\n<meta property=\"og:image\" content=\"http:\/\/afie-asso.fr\/wp-content\/uploads\/2020\/06\/Instances_03.jpg\" \/>\n<meta name=\"twitter:card\" content=\"summary_large_image\" \/>\n<meta name=\"twitter:label1\" content=\"Dur\u00e9e de lecture estim\u00e9e\" \/>\n\t<meta name=\"twitter:data1\" content=\"2 minutes\" \/>\n<script type=\"application\/ld+json\" class=\"yoast-schema-graph\">{\"@context\":\"https:\\\/\\\/schema.org\",\"@graph\":[{\"@type\":\"WebPage\",\"@id\":\"https:\\\/\\\/afie-asso.fr\\\/index.php\\\/adherer-a-lafie\\\/pourquoi-adherer\\\/\",\"url\":\"https:\\\/\\\/afie-asso.fr\\\/index.php\\\/adherer-a-lafie\\\/pourquoi-adherer\\\/\",\"name\":\"Pourquoi adh\u00e9rer ? - AFIE\",\"isPartOf\":{\"@id\":\"https:\\\/\\\/afie-asso.fr\\\/#website\"},\"primaryImageOfPage\":{\"@id\":\"https:\\\/\\\/afie-asso.fr\\\/index.php\\\/adherer-a-lafie\\\/pourquoi-adherer\\\/#primaryimage\"},\"image\":{\"@id\":\"https:\\\/\\\/afie-asso.fr\\\/index.php\\\/adherer-a-lafie\\\/pourquoi-adherer\\\/#primaryimage\"},\"thumbnailUrl\":\"http:\\\/\\\/afie-asso.fr\\\/wp-content\\\/uploads\\\/2020\\\/06\\\/Instances_03.jpg\",\"datePublished\":\"2019-05-07T14:25:34+00:00\",\"dateModified\":\"2020-06-04T18:20:21+00:00\",\"breadcrumb\":{\"@id\":\"https:\\\/\\\/afie-asso.fr\\\/index.php\\\/adherer-a-lafie\\\/pourquoi-adherer\\\/#breadcrumb\"},\"inLanguage\":\"fr-FR\",\"potentialAction\":[{\"@type\":\"ReadAction\",\"target\":[\"https:\\\/\\\/afie-asso.fr\\\/index.php\\\/adherer-a-lafie\\\/pourquoi-adherer\\\/\"]}]},{\"@type\":\"ImageObject\",\"inLanguage\":\"fr-FR\",\"@id\":\"https:\\\/\\\/afie-asso.fr\\\/index.php\\\/adherer-a-lafie\\\/pourquoi-adherer\\\/#primaryimage\",\"url\":\"http:\\\/\\\/afie-asso.fr\\\/wp-content\\\/uploads\\\/2020\\\/06\\\/Instances_03.jpg\",\"contentUrl\":\"http:\\\/\\\/afie-asso.fr\\\/wp-content\\\/uploads\\\/2020\\\/06\\\/Instances_03.jpg\"},{\"@type\":\"BreadcrumbList\",\"@id\":\"https:\\\/\\\/afie-asso.fr\\\/index.php\\\/adherer-a-lafie\\\/pourquoi-adherer\\\/#breadcrumb\",\"itemListElement\":[{\"@type\":\"ListItem\",\"position\":1,\"name\":\"Accueil\",\"item\":\"https:\\\/\\\/afie-asso.fr\\\/\"},{\"@type\":\"ListItem\",\"position\":2,\"name\":\"Adh\u00e9rer \u00e0 l&rsquo;AFIE\",\"item\":\"https:\\\/\\\/afie-asso.fr\\\/index.php\\\/adherer-a-lafie\\\/\"},{\"@type\":\"ListItem\",\"position\":3,\"name\":\"Pourquoi adh\u00e9rer ?\"}]},{\"@type\":\"WebSite\",\"@id\":\"https:\\\/\\\/afie-asso.fr\\\/#website\",\"url\":\"https:\\\/\\\/afie-asso.fr\\\/\",\"name\":\"AFIE\",\"description\":\"Association Fran\u00e7aise Interprofessionnelle des Ecologues\",\"publisher\":{\"@id\":\"https:\\\/\\\/afie-asso.fr\\\/#organization\"},\"potentialAction\":[{\"@type\":\"SearchAction\",\"target\":{\"@type\":\"EntryPoint\",\"urlTemplate\":\"https:\\\/\\\/afie-asso.fr\\\/?s={search_term_string}\"},\"query-input\":{\"@type\":\"PropertyValueSpecification\",\"valueRequired\":true,\"valueName\":\"search_term_string\"}}],\"inLanguage\":\"fr-FR\"},{\"@type\":\"Organization\",\"@id\":\"https:\\\/\\\/afie-asso.fr\\\/#organization\",\"name\":\"AFIE\",\"url\":\"https:\\\/\\\/afie-asso.fr\\\/\",\"logo\":{\"@type\":\"ImageObject\",\"inLanguage\":\"fr-FR\",\"@id\":\"https:\\\/\\\/afie-asso.fr\\\/#\\\/schema\\\/logo\\\/image\\\/\",\"url\":\"https:\\\/\\\/afie-asso.fr\\\/wp-content\\\/uploads\\\/2019\\\/05\\\/cropped-logo-AFIE-3.png\",\"contentUrl\":\"https:\\\/\\\/afie-asso.fr\\\/wp-content\\\/uploads\\\/2019\\\/05\\\/cropped-logo-AFIE-3.png\",\"width\":555,\"height\":459,\"caption\":\"AFIE\"},\"image\":{\"@id\":\"https:\\\/\\\/afie-asso.fr\\\/#\\\/schema\\\/logo\\\/image\\\/\"}}]}<\/script>\n<!-- \/ Yoast SEO plugin. -->","yoast_head_json":{"title":"Pourquoi adh\u00e9rer ? - AFIE","robots":{"index":"index","follow":"follow","max-snippet":"max-snippet:-1","max-image-preview":"max-image-preview:large","max-video-preview":"max-video-preview:-1"},"canonical":"https:\/\/afie-asso.fr\/index.php\/adherer-a-lafie\/pourquoi-adherer\/","og_locale":"fr_FR","og_type":"article","og_title":"Pourquoi adh\u00e9rer ? - AFIE","og_description":"Faire parti(e) d\u2019un r\u00e9seau national d\u2019\u00e9cologues que l\u2019on peut solliciter via le r\u00e9seau r\u00e9gional ou la liste de discussions \u00e9lectronique (questions d\u2019ordre technique, m\u00e9thodologique, bibliographique, \u00e9thique&#8230;), et ainsi d\u00e9velopper vos contacts professionnels (r\u00e9seau d\u2019\u00e9changes et de soutien) Soutenir l\u2019association nationale qui d\u00e9fend la profession d\u2019\u00e9cologue dans toutes les instances de la soci\u00e9t\u00e9 et des institutions [&hellip;]","og_url":"https:\/\/afie-asso.fr\/index.php\/adherer-a-lafie\/pourquoi-adherer\/","og_site_name":"AFIE","article_modified_time":"2020-06-04T18:20:21+00:00","og_image":[{"url":"http:\/\/afie-asso.fr\/wp-content\/uploads\/2020\/06\/Instances_03.jpg","type":"","width":"","height":""}],"twitter_card":"summary_large_image","twitter_misc":{"Dur\u00e9e de lecture estim\u00e9e":"2 minutes"},"schema":{"@context":"https:\/\/schema.org","@graph":[{"@type":"WebPage","@id":"https:\/\/afie-asso.fr\/index.php\/adherer-a-lafie\/pourquoi-adherer\/","url":"https:\/\/afie-asso.fr\/index.php\/adherer-a-lafie\/pourquoi-adherer\/","name":"Pourquoi adh\u00e9rer ? - AFIE","isPartOf":{"@id":"https:\/\/afie-asso.fr\/#website"},"primaryImageOfPage":{"@id":"https:\/\/afie-asso.fr\/index.php\/adherer-a-lafie\/pourquoi-adherer\/#primaryimage"},"image":{"@id":"https:\/\/afie-asso.fr\/index.php\/adherer-a-lafie\/pourquoi-adherer\/#primaryimage"},"thumbnailUrl":"http:\/\/afie-asso.fr\/wp-content\/uploads\/2020\/06\/Instances_03.jpg","datePublished":"2019-05-07T14:25:34+00:00","dateModified":"2020-06-04T18:20:21+00:00","breadcrumb":{"@id":"https:\/\/afie-asso.fr\/index.php\/adherer-a-lafie\/pourquoi-adherer\/#breadcrumb"},"inLanguage":"fr-FR","potentialAction":[{"@type":"ReadAction","target":["https:\/\/afie-asso.fr\/index.php\/adherer-a-lafie\/pourquoi-adherer\/"]}]},{"@type":"ImageObject","inLanguage":"fr-FR","@id":"https:\/\/afie-asso.fr\/index.php\/adherer-a-lafie\/pourquoi-adherer\/#primaryimage","url":"http:\/\/afie-asso.fr\/wp-content\/uploads\/2020\/06\/Instances_03.jpg","contentUrl":"http:\/\/afie-asso.fr\/wp-content\/uploads\/2020\/06\/Instances_03.jpg"},{"@type":"BreadcrumbList","@id":"https:\/\/afie-asso.fr\/index.php\/adherer-a-lafie\/pourquoi-adherer\/#breadcrumb","itemListElement":[{"@type":"ListItem","position":1,"name":"Accueil","item":"https:\/\/afie-asso.fr\/"},{"@type":"ListItem","position":2,"name":"Adh\u00e9rer \u00e0 l&rsquo;AFIE","item":"https:\/\/afie-asso.fr\/index.php\/adherer-a-lafie\/"},{"@type":"ListItem","position":3,"name":"Pourquoi adh\u00e9rer ?"}]},{"@type":"WebSite","@id":"https:\/\/afie-asso.fr\/#website","url":"https:\/\/afie-asso.fr\/","name":"AFIE","description":"Association Fran\u00e7aise Interprofessionnelle des Ecologues","publisher":{"@id":"https:\/\/afie-asso.fr\/#organization"},"potentialAction":[{"@type":"SearchAction","target":{"@type":"EntryPoint","urlTemplate":"https:\/\/afie-asso.fr\/?s={search_term_string}"},"query-input":{"@type":"PropertyValueSpecification","valueRequired":true,"valueName":"search_term_string"}}],"inLanguage":"fr-FR"},{"@type":"Organization","@id":"https:\/\/afie-asso.fr\/#organization","name":"AFIE","url":"https:\/\/afie-asso.fr\/","logo":{"@type":"ImageObject","inLanguage":"fr-FR","@id":"https:\/\/afie-asso.fr\/#\/schema\/logo\/image\/","url":"https:\/\/afie-asso.fr\/wp-content\/uploads\/2019\/05\/cropped-logo-AFIE-3.png","contentUrl":"https:\/\/afie-asso.fr\/wp-content\/uploads\/2019\/05\/cropped-logo-AFIE-3.png","width":555,"height":459,"caption":"AFIE"},"image":{"@id":"https:\/\/afie-asso.fr\/#\/schema\/logo\/image\/"}}]}},"rttpg_featured_image_url":null,"rttpg_author":{"display_name":"M\u00e9lanie","author_link":"https:\/\/afie-asso.fr\/index.php\/author\/admin6654\/"},"rttpg_comment":0,"rttpg_category":null,"rttpg_excerpt":"Faire parti(e) d\u2019un r\u00e9seau national d\u2019\u00e9cologues que l\u2019on peut solliciter via le r\u00e9seau r\u00e9gional ou la liste de discussions \u00e9lectronique (questions d\u2019ordre technique, m\u00e9thodologique, bibliographique, \u00e9thique&#8230;), et ainsi d\u00e9velopper vos contacts professionnels (r\u00e9seau d\u2019\u00e9changes et de soutien) Soutenir l\u2019association nationale qui d\u00e9fend la profession d\u2019\u00e9cologue dans toutes les instances de la soci\u00e9t\u00e9 et des institutions\u2026","_links":{"self":[{"href":"https:\/\/afie-asso.fr\/index.php\/wp-json\/wp\/v2\/pages\/50","targetHints":{"allow":["GET"]}}],"collection":[{"href":"https:\/\/afie-asso.fr\/index.php\/wp-json\/wp\/v2\/pages"}],"about":[{"href":"https:\/\/afie-asso.fr\/index.php\/wp-json\/wp\/v2\/types\/page"}],"author":[{"embeddable":true,"href":"https:\/\/afie-asso.fr\/index.php\/wp-json\/wp\/v2\/users\/1"}],"replies":[{"embeddable":true,"href":"https:\/\/afie-asso.fr\/index.php\/wp-json\/wp\/v2\/comments?post=50"}],"version-history":[{"count":4,"href":"https:\/\/afie-asso.fr\/index.php\/wp-json\/wp\/v2\/pages\/50\/revisions"}],"predecessor-version":[{"id":746,"href":"https:\/\/afie-asso.fr\/index.php\/wp-json\/wp\/v2\/pages\/50\/revisions\/746"}],"up":[{"embeddable":true,"href":"https:\/\/afie-asso.fr\/index.php\/wp-json\/wp\/v2\/pages\/48"}],"wp:attachment":[{"href":"https:\/\/afie-asso.fr\/index.php\/wp-json\/wp\/v2\/media?parent=50"}],"curies":[{"name":"wp","href":"https:\/\/api.w.org\/{rel}","templated":true}]}}