{"id":32,"date":"2019-05-07T16:18:42","date_gmt":"2019-05-07T14:18:42","guid":{"rendered":"http:\/\/afie-asso.fr\/?page_id=32"},"modified":"2024-04-29T16:00:40","modified_gmt":"2024-04-29T14:00:40","slug":"formations","status":"publish","type":"page","link":"https:\/\/afie-asso.fr\/index.php\/actions-de-lafie\/formations\/","title":{"rendered":"Formations"},"content":{"rendered":"\n<figure class=\"wp-block-gallery has-nested-images columns-default is-cropped wp-block-gallery-1 is-layout-flex wp-block-gallery-is-layout-flex\">\n<figure class=\"wp-block-image size-large\"><img loading=\"lazy\" decoding=\"async\" width=\"848\" height=\"565\" data-id=\"712\" src=\"https:\/\/afie-asso.fr\/wp-content\/uploads\/2020\/06\/Formation_02.jpg\" alt=\"\" class=\"wp-image-712\" srcset=\"https:\/\/afie-asso.fr\/wp-content\/uploads\/2020\/06\/Formation_02.jpg 848w, https:\/\/afie-asso.fr\/wp-content\/uploads\/2020\/06\/Formation_02-300x200.jpg 300w, https:\/\/afie-asso.fr\/wp-content\/uploads\/2020\/06\/Formation_02-768x512.jpg 768w\" sizes=\"auto, (max-width: 848px) 100vw, 848px\" \/><\/figure>\n\n\n\n<figure class=\"wp-block-image size-large\"><img loading=\"lazy\" decoding=\"async\" width=\"848\" height=\"565\" data-id=\"711\" src=\"https:\/\/afie-asso.fr\/wp-content\/uploads\/2020\/06\/Formation_01.jpg\" alt=\"\" class=\"wp-image-711\" srcset=\"https:\/\/afie-asso.fr\/wp-content\/uploads\/2020\/06\/Formation_01.jpg 848w, https:\/\/afie-asso.fr\/wp-content\/uploads\/2020\/06\/Formation_01-300x200.jpg 300w, https:\/\/afie-asso.fr\/wp-content\/uploads\/2020\/06\/Formation_01-768x512.jpg 768w\" sizes=\"auto, (max-width: 848px) 100vw, 848px\" \/><\/figure>\n\n\n\n<figure class=\"wp-block-image size-large\"><img loading=\"lazy\" decoding=\"async\" width=\"847\" height=\"565\" data-id=\"713\" src=\"https:\/\/afie-asso.fr\/wp-content\/uploads\/2020\/06\/Formation_03.jpg\" alt=\"\" class=\"wp-image-713\" srcset=\"https:\/\/afie-asso.fr\/wp-content\/uploads\/2020\/06\/Formation_03.jpg 847w, https:\/\/afie-asso.fr\/wp-content\/uploads\/2020\/06\/Formation_03-300x200.jpg 300w, https:\/\/afie-asso.fr\/wp-content\/uploads\/2020\/06\/Formation_03-768x512.jpg 768w\" sizes=\"auto, (max-width: 847px) 100vw, 847px\" \/><\/figure>\n<\/figure>\n\n\n\n<hr class=\"wp-block-separator has-css-opacity\"\/>\n\n\n\n<p>Afin d&rsquo;accompagner l\u2019\u00c9cologue dans son parcours professionnel, de la fin de ses \u00e9tudes aux \u00e9volutions de carri\u00e8re\u200b, les membres de l&rsquo;AFIE  interviennent chaque ann\u00e9e, \u00e0 titre personnel et\/ou au titre de l&rsquo;AFIE,&nbsp;dans une vingtaine de <strong>formations Bac+5 en \u00e9cologie \/ environnement\u200b<\/strong>.<\/p>\n\n\n\n<p>Par ailleurs, l&rsquo;AFIE compte, dans ses <strong>adh\u00e9rents<\/strong>, de nombreux&nbsp;<strong>membres&nbsp;du corps enseignant <\/strong>en \u00e9cologie \/ environnement, ainsi que des responsables de formation.<\/p>\n\n\n\n<p>L&rsquo;AFIE, en sa qualit\u00e9 d&rsquo;expert du monde professionnel de l&rsquo;\u00e9cologie,\u00a0si\u00e8ge \u00e9galement\u00a0dans\u00a0le <strong>conseil de perfectionnement<\/strong> de nombreux Master.<\/p>\n\n\n\n<p>Les \u00e9changes entre l&rsquo;AFIE et certaines formations sup\u00e9rieures en \u00e9cologie sont renforc\u00e9es par la mise en place de <a aria-label=\" (opens in a new tab)\" href=\"https:\/\/afie-asso.fr\/index.php\/partenaires-et-liens\/partenaires\" target=\"_blank\" rel=\"noreferrer noopener\"><strong>conventions <\/strong><\/a>destin\u00e9es \u00e0 pr\u00e9parer les futurs \u00e9cologues au monde professionnel de l&rsquo;\u00e9cologie.<\/p>\n\n\n\n<p>Enfin, ces professionnels organisent r\u00e9guli\u00e8rement des <strong>webinaires d&rsquo;information et d&rsquo;orientation<\/strong> \u00e0 destination des \u00e9tudiants, mais \u00e9galement des personnes souhaitant se reconvertir. <\/p>\n\n\n\n<div class=\"wp-block-buttons is-content-justification-center is-layout-flex wp-container-core-buttons-is-layout-16018d1d wp-block-buttons-is-layout-flex\">\n<div class=\"wp-block-button\"><a class=\"wp-block-button__link has-vivid-cyan-blue-background-color has-background has-text-align-center wp-element-button\" href=\"https:\/\/afie-asso.fr\/?p=1410\">Voir le replay du webinaire \u00ab\u00a0Se former aux m\u00e9tiers de la Biodiversit\u00e9\u00a0\u00bb<\/a><\/div>\n<\/div>\n\n\n\n<p><\/p>\n","protected":false},"excerpt":{"rendered":"<p>Afin d&rsquo;accompagner l\u2019\u00c9cologue dans son parcours professionnel, de la fin de ses \u00e9tudes aux \u00e9volutions de carri\u00e8re\u200b, les membres de l&rsquo;AFIE interviennent chaque ann\u00e9e, \u00e0 titre personnel et\/ou au titre de l&rsquo;AFIE,&nbsp;dans une vingtaine de formations Bac+5 en \u00e9cologie \/ environnement\u200b. Par ailleurs, l&rsquo;AFIE compte, dans ses adh\u00e9rents, de nombreux&nbsp;membres&nbsp;du corps enseignant en \u00e9cologie \/ [&hellip;]<\/p>\n","protected":false},"author":1,"featured_media":0,"parent":26,"menu_order":5,"comment_status":"closed","ping_status":"closed","template":"","meta":{"footnotes":""},"class_list":["post-32","page","type-page","status-publish","hentry"],"yoast_head":"<!-- This site is optimized with the Yoast SEO plugin v27.3 - https:\/\/yoast.com\/product\/yoast-seo-wordpress\/ -->\n<title>Formations - AFIE<\/title>\n<meta name=\"robots\" content=\"index, follow, max-snippet:-1, max-image-preview:large, max-video-preview:-1\" \/>\n<link rel=\"canonical\" href=\"https:\/\/afie-asso.fr\/index.php\/actions-de-lafie\/formations\/\" \/>\n<meta property=\"og:locale\" content=\"fr_FR\" \/>\n<meta property=\"og:type\" content=\"article\" \/>\n<meta property=\"og:title\" content=\"Formations - AFIE\" \/>\n<meta property=\"og:description\" content=\"Afin d&rsquo;accompagner l\u2019\u00c9cologue dans son parcours professionnel, de la fin de ses \u00e9tudes aux \u00e9volutions de carri\u00e8re\u200b, les membres de l&rsquo;AFIE interviennent chaque ann\u00e9e, \u00e0 titre personnel et\/ou au titre de l&rsquo;AFIE,&nbsp;dans une vingtaine de formations Bac+5 en \u00e9cologie \/ environnement\u200b. Par ailleurs, l&rsquo;AFIE compte, dans ses adh\u00e9rents, de nombreux&nbsp;membres&nbsp;du corps enseignant en \u00e9cologie \/ [&hellip;]\" \/>\n<meta property=\"og:url\" content=\"https:\/\/afie-asso.fr\/index.php\/actions-de-lafie\/formations\/\" \/>\n<meta property=\"og:site_name\" content=\"AFIE\" \/>\n<meta property=\"article:modified_time\" content=\"2024-04-29T14:00:40+00:00\" \/>\n<meta property=\"og:image\" content=\"https:\/\/afie-asso.fr\/wp-content\/uploads\/2020\/06\/Formation_02.jpg\" \/>\n<meta name=\"twitter:card\" content=\"summary_large_image\" \/>\n<meta name=\"twitter:label1\" content=\"Dur\u00e9e de lecture estim\u00e9e\" \/>\n\t<meta name=\"twitter:data1\" content=\"2 minutes\" \/>\n<script type=\"application\/ld+json\" class=\"yoast-schema-graph\">{\"@context\":\"https:\\\/\\\/schema.org\",\"@graph\":[{\"@type\":\"WebPage\",\"@id\":\"https:\\\/\\\/afie-asso.fr\\\/index.php\\\/actions-de-lafie\\\/formations\\\/\",\"url\":\"https:\\\/\\\/afie-asso.fr\\\/index.php\\\/actions-de-lafie\\\/formations\\\/\",\"name\":\"Formations - AFIE\",\"isPartOf\":{\"@id\":\"https:\\\/\\\/afie-asso.fr\\\/#website\"},\"primaryImageOfPage\":{\"@id\":\"https:\\\/\\\/afie-asso.fr\\\/index.php\\\/actions-de-lafie\\\/formations\\\/#primaryimage\"},\"image\":{\"@id\":\"https:\\\/\\\/afie-asso.fr\\\/index.php\\\/actions-de-lafie\\\/formations\\\/#primaryimage\"},\"thumbnailUrl\":\"https:\\\/\\\/afie-asso.fr\\\/wp-content\\\/uploads\\\/2020\\\/06\\\/Formation_02.jpg\",\"datePublished\":\"2019-05-07T14:18:42+00:00\",\"dateModified\":\"2024-04-29T14:00:40+00:00\",\"breadcrumb\":{\"@id\":\"https:\\\/\\\/afie-asso.fr\\\/index.php\\\/actions-de-lafie\\\/formations\\\/#breadcrumb\"},\"inLanguage\":\"fr-FR\",\"potentialAction\":[{\"@type\":\"ReadAction\",\"target\":[\"https:\\\/\\\/afie-asso.fr\\\/index.php\\\/actions-de-lafie\\\/formations\\\/\"]}]},{\"@type\":\"ImageObject\",\"inLanguage\":\"fr-FR\",\"@id\":\"https:\\\/\\\/afie-asso.fr\\\/index.php\\\/actions-de-lafie\\\/formations\\\/#primaryimage\",\"url\":\"https:\\\/\\\/afie-asso.fr\\\/wp-content\\\/uploads\\\/2020\\\/06\\\/Formation_02.jpg\",\"contentUrl\":\"https:\\\/\\\/afie-asso.fr\\\/wp-content\\\/uploads\\\/2020\\\/06\\\/Formation_02.jpg\",\"width\":848,\"height\":565,\"caption\":\"Teacher with students in agronomy looking at vegetation\"},{\"@type\":\"BreadcrumbList\",\"@id\":\"https:\\\/\\\/afie-asso.fr\\\/index.php\\\/actions-de-lafie\\\/formations\\\/#breadcrumb\",\"itemListElement\":[{\"@type\":\"ListItem\",\"position\":1,\"name\":\"Accueil\",\"item\":\"https:\\\/\\\/afie-asso.fr\\\/\"},{\"@type\":\"ListItem\",\"position\":2,\"name\":\"Actions de l&rsquo;AFIE\",\"item\":\"https:\\\/\\\/afie-asso.fr\\\/index.php\\\/actions-de-lafie\\\/\"},{\"@type\":\"ListItem\",\"position\":3,\"name\":\"Formations\"}]},{\"@type\":\"WebSite\",\"@id\":\"https:\\\/\\\/afie-asso.fr\\\/#website\",\"url\":\"https:\\\/\\\/afie-asso.fr\\\/\",\"name\":\"AFIE\",\"description\":\"Association Fran\u00e7aise Interprofessionnelle des Ecologues\",\"publisher\":{\"@id\":\"https:\\\/\\\/afie-asso.fr\\\/#organization\"},\"potentialAction\":[{\"@type\":\"SearchAction\",\"target\":{\"@type\":\"EntryPoint\",\"urlTemplate\":\"https:\\\/\\\/afie-asso.fr\\\/?s={search_term_string}\"},\"query-input\":{\"@type\":\"PropertyValueSpecification\",\"valueRequired\":true,\"valueName\":\"search_term_string\"}}],\"inLanguage\":\"fr-FR\"},{\"@type\":\"Organization\",\"@id\":\"https:\\\/\\\/afie-asso.fr\\\/#organization\",\"name\":\"AFIE\",\"url\":\"https:\\\/\\\/afie-asso.fr\\\/\",\"logo\":{\"@type\":\"ImageObject\",\"inLanguage\":\"fr-FR\",\"@id\":\"https:\\\/\\\/afie-asso.fr\\\/#\\\/schema\\\/logo\\\/image\\\/\",\"url\":\"https:\\\/\\\/afie-asso.fr\\\/wp-content\\\/uploads\\\/2019\\\/05\\\/cropped-logo-AFIE-3.png\",\"contentUrl\":\"https:\\\/\\\/afie-asso.fr\\\/wp-content\\\/uploads\\\/2019\\\/05\\\/cropped-logo-AFIE-3.png\",\"width\":555,\"height\":459,\"caption\":\"AFIE\"},\"image\":{\"@id\":\"https:\\\/\\\/afie-asso.fr\\\/#\\\/schema\\\/logo\\\/image\\\/\"}}]}<\/script>\n<!-- \/ Yoast SEO plugin. -->","yoast_head_json":{"title":"Formations - AFIE","robots":{"index":"index","follow":"follow","max-snippet":"max-snippet:-1","max-image-preview":"max-image-preview:large","max-video-preview":"max-video-preview:-1"},"canonical":"https:\/\/afie-asso.fr\/index.php\/actions-de-lafie\/formations\/","og_locale":"fr_FR","og_type":"article","og_title":"Formations - AFIE","og_description":"Afin d&rsquo;accompagner l\u2019\u00c9cologue dans son parcours professionnel, de la fin de ses \u00e9tudes aux \u00e9volutions de carri\u00e8re\u200b, les membres de l&rsquo;AFIE interviennent chaque ann\u00e9e, \u00e0 titre personnel et\/ou au titre de l&rsquo;AFIE,&nbsp;dans une vingtaine de formations Bac+5 en \u00e9cologie \/ environnement\u200b. Par ailleurs, l&rsquo;AFIE compte, dans ses adh\u00e9rents, de nombreux&nbsp;membres&nbsp;du corps enseignant en \u00e9cologie \/ [&hellip;]","og_url":"https:\/\/afie-asso.fr\/index.php\/actions-de-lafie\/formations\/","og_site_name":"AFIE","article_modified_time":"2024-04-29T14:00:40+00:00","og_image":[{"url":"https:\/\/afie-asso.fr\/wp-content\/uploads\/2020\/06\/Formation_02.jpg","type":"","width":"","height":""}],"twitter_card":"summary_large_image","twitter_misc":{"Dur\u00e9e de lecture estim\u00e9e":"2 minutes"},"schema":{"@context":"https:\/\/schema.org","@graph":[{"@type":"WebPage","@id":"https:\/\/afie-asso.fr\/index.php\/actions-de-lafie\/formations\/","url":"https:\/\/afie-asso.fr\/index.php\/actions-de-lafie\/formations\/","name":"Formations - AFIE","isPartOf":{"@id":"https:\/\/afie-asso.fr\/#website"},"primaryImageOfPage":{"@id":"https:\/\/afie-asso.fr\/index.php\/actions-de-lafie\/formations\/#primaryimage"},"image":{"@id":"https:\/\/afie-asso.fr\/index.php\/actions-de-lafie\/formations\/#primaryimage"},"thumbnailUrl":"https:\/\/afie-asso.fr\/wp-content\/uploads\/2020\/06\/Formation_02.jpg","datePublished":"2019-05-07T14:18:42+00:00","dateModified":"2024-04-29T14:00:40+00:00","breadcrumb":{"@id":"https:\/\/afie-asso.fr\/index.php\/actions-de-lafie\/formations\/#breadcrumb"},"inLanguage":"fr-FR","potentialAction":[{"@type":"ReadAction","target":["https:\/\/afie-asso.fr\/index.php\/actions-de-lafie\/formations\/"]}]},{"@type":"ImageObject","inLanguage":"fr-FR","@id":"https:\/\/afie-asso.fr\/index.php\/actions-de-lafie\/formations\/#primaryimage","url":"https:\/\/afie-asso.fr\/wp-content\/uploads\/2020\/06\/Formation_02.jpg","contentUrl":"https:\/\/afie-asso.fr\/wp-content\/uploads\/2020\/06\/Formation_02.jpg","width":848,"height":565,"caption":"Teacher with students in agronomy looking at vegetation"},{"@type":"BreadcrumbList","@id":"https:\/\/afie-asso.fr\/index.php\/actions-de-lafie\/formations\/#breadcrumb","itemListElement":[{"@type":"ListItem","position":1,"name":"Accueil","item":"https:\/\/afie-asso.fr\/"},{"@type":"ListItem","position":2,"name":"Actions de l&rsquo;AFIE","item":"https:\/\/afie-asso.fr\/index.php\/actions-de-lafie\/"},{"@type":"ListItem","position":3,"name":"Formations"}]},{"@type":"WebSite","@id":"https:\/\/afie-asso.fr\/#website","url":"https:\/\/afie-asso.fr\/","name":"AFIE","description":"Association Fran\u00e7aise Interprofessionnelle des Ecologues","publisher":{"@id":"https:\/\/afie-asso.fr\/#organization"},"potentialAction":[{"@type":"SearchAction","target":{"@type":"EntryPoint","urlTemplate":"https:\/\/afie-asso.fr\/?s={search_term_string}"},"query-input":{"@type":"PropertyValueSpecification","valueRequired":true,"valueName":"search_term_string"}}],"inLanguage":"fr-FR"},{"@type":"Organization","@id":"https:\/\/afie-asso.fr\/#organization","name":"AFIE","url":"https:\/\/afie-asso.fr\/","logo":{"@type":"ImageObject","inLanguage":"fr-FR","@id":"https:\/\/afie-asso.fr\/#\/schema\/logo\/image\/","url":"https:\/\/afie-asso.fr\/wp-content\/uploads\/2019\/05\/cropped-logo-AFIE-3.png","contentUrl":"https:\/\/afie-asso.fr\/wp-content\/uploads\/2019\/05\/cropped-logo-AFIE-3.png","width":555,"height":459,"caption":"AFIE"},"image":{"@id":"https:\/\/afie-asso.fr\/#\/schema\/logo\/image\/"}}]}},"rttpg_featured_image_url":null,"rttpg_author":{"display_name":"M\u00e9lanie","author_link":"https:\/\/afie-asso.fr\/index.php\/author\/admin6654\/"},"rttpg_comment":0,"rttpg_category":null,"rttpg_excerpt":"Afin d&rsquo;accompagner l\u2019\u00c9cologue dans son parcours professionnel, de la fin de ses \u00e9tudes aux \u00e9volutions de carri\u00e8re\u200b, les membres de l&rsquo;AFIE interviennent chaque ann\u00e9e, \u00e0 titre personnel et\/ou au titre de l&rsquo;AFIE,&nbsp;dans une vingtaine de formations Bac+5 en \u00e9cologie \/ environnement\u200b. Par ailleurs, l&rsquo;AFIE compte, dans ses adh\u00e9rents, de nombreux&nbsp;membres&nbsp;du corps enseignant en \u00e9cologie \/\u2026","_links":{"self":[{"href":"https:\/\/afie-asso.fr\/index.php\/wp-json\/wp\/v2\/pages\/32","targetHints":{"allow":["GET"]}}],"collection":[{"href":"https:\/\/afie-asso.fr\/index.php\/wp-json\/wp\/v2\/pages"}],"about":[{"href":"https:\/\/afie-asso.fr\/index.php\/wp-json\/wp\/v2\/types\/page"}],"author":[{"embeddable":true,"href":"https:\/\/afie-asso.fr\/index.php\/wp-json\/wp\/v2\/users\/1"}],"replies":[{"embeddable":true,"href":"https:\/\/afie-asso.fr\/index.php\/wp-json\/wp\/v2\/comments?post=32"}],"version-history":[{"count":21,"href":"https:\/\/afie-asso.fr\/index.php\/wp-json\/wp\/v2\/pages\/32\/revisions"}],"predecessor-version":[{"id":1412,"href":"https:\/\/afie-asso.fr\/index.php\/wp-json\/wp\/v2\/pages\/32\/revisions\/1412"}],"up":[{"embeddable":true,"href":"https:\/\/afie-asso.fr\/index.php\/wp-json\/wp\/v2\/pages\/26"}],"wp:attachment":[{"href":"https:\/\/afie-asso.fr\/index.php\/wp-json\/wp\/v2\/media?parent=32"}],"curies":[{"name":"wp","href":"https:\/\/api.w.org\/{rel}","templated":true}]}}