{"id":28,"date":"2019-05-07T16:18:08","date_gmt":"2019-05-07T14:18:08","guid":{"rendered":"http:\/\/afie-asso.fr\/?page_id=28"},"modified":"2020-06-04T20:08:40","modified_gmt":"2020-06-04T18:08:40","slug":"cafes-debats","status":"publish","type":"page","link":"https:\/\/afie-asso.fr\/index.php\/actions-de-lafie\/cafes-debats\/","title":{"rendered":"Caf\u00e9s-D\u00e9bats"},"content":{"rendered":"\n<div class=\"wp-block-image\"><figure class=\"aligncenter size-large\"><img loading=\"lazy\" decoding=\"async\" width=\"370\" height=\"370\" src=\"https:\/\/afie-asso.fr\/wp-content\/uploads\/2019\/07\/CD.png\" alt=\"\" class=\"wp-image-221\" srcset=\"https:\/\/afie-asso.fr\/wp-content\/uploads\/2019\/07\/CD.png 370w, https:\/\/afie-asso.fr\/wp-content\/uploads\/2019\/07\/CD-150x150.png 150w, https:\/\/afie-asso.fr\/wp-content\/uploads\/2019\/07\/CD-300x300.png 300w\" sizes=\"auto, (max-width: 370px) 100vw, 370px\" \/><\/figure><\/div>\n\n\n\n<p>Afin de se rencontrer et de vous faire d\u00e9couvrir l\u2019AFIE, nous vous invitons \u00e0 participer au prochain caf\u00e9-d\u00e9bat mensuel. Il a lieu une fois par mois, au Restaurant l\u2019Alsacien&nbsp;(Paris IV\u00e8me).<\/p>\n\n\n\n<p>C\u2019est <strong>gratuit <\/strong>(une consommation obligatoire) et <strong>ouvert aux non membres AFIE<\/strong>. L\u2019inscription en ligne est demand\u00e9e : retrouvez toutes les informations sur la <a aria-label=\" (s\u2019ouvre dans un nouvel onglet)\" href=\"https:\/\/fr-fr.facebook.com\/cdAfie\/\" target=\"_blank\" rel=\"noreferrer noopener\">page Facebook de l&rsquo;\u00e9v\u00e8nement<\/a>.<\/p>\n\n\n\n<div class=\"wp-block-image\"><figure class=\"aligncenter is-resized\"><a href=\"https:\/\/fr-fr.facebook.com\/cdAfie\/\" target=\"_blank\" rel=\"noreferrer noopener\"><img loading=\"lazy\" decoding=\"async\" src=\"https:\/\/afie-asso.fr\/wp-content\/uploads\/2019\/07\/facebook.png\" alt=\"\" class=\"wp-image-537\" width=\"113\" height=\"113\" srcset=\"https:\/\/afie-asso.fr\/wp-content\/uploads\/2019\/07\/facebook.png 225w, https:\/\/afie-asso.fr\/wp-content\/uploads\/2019\/07\/facebook-150x150.png 150w\" sizes=\"auto, (max-width: 113px) 100vw, 113px\" \/><\/a><\/figure><\/div>\n\n\n\n<p>Pour ceux ne pouvant pas se d\u00e9placer, les caf\u00e9s-d\u00e9bats sont \u00e9galement diffus\u00e9s en direct sur la <a aria-label=\" (s\u2019ouvre dans un nouvel onglet)\" href=\"https:\/\/www.youtube.com\/channel\/UCqOkx8uZnwuJLgNSf-1vnJA?spfreload=5\" target=\"_blank\" rel=\"noreferrer noopener\">chaine YouTube des Caf\u00e9s-d\u00e9bats de l&rsquo;AFIE<\/a>. N&rsquo;h\u00e9sitez pas \u00e0 vous abonner !<\/p>\n\n\n\n<div class=\"wp-block-image\"><figure class=\"aligncenter is-resized\"><a href=\"https:\/\/www.youtube.com\/channel\/UCqOkx8uZnwuJLgNSf-1vnJA?spfreload=5\" target=\"_blank\" rel=\"noreferrer noopener\"><img loading=\"lazy\" decoding=\"async\" src=\"https:\/\/afie-asso.fr\/wp-content\/uploads\/2019\/07\/you_tube.png\" alt=\"\" class=\"wp-image-541\" width=\"266\" height=\"107\" srcset=\"https:\/\/afie-asso.fr\/wp-content\/uploads\/2019\/07\/you_tube.png 354w, https:\/\/afie-asso.fr\/wp-content\/uploads\/2019\/07\/you_tube-300x120.png 300w\" sizes=\"auto, (max-width: 266px) 100vw, 266px\" \/><\/a><\/figure><\/div>\n\n\n\n<p>Enfin, pour ceux qui le souhaitent, vous pouvez \u00e9galement nous proposer des intervenants pour les prochains \u00e9v\u00e9nements.<\/p>\n\n\n\n<p>Et si vous n&rsquo;avez pas trouv\u00e9 les informations que vous cherchez, n&rsquo;h\u00e9sitez pas \u00e0 contacter l&rsquo;\u00e9quipe des caf\u00e9s-d\u00e9bats :&nbsp;<strong>cafesdebats.afie(at)gmail.com<\/strong>. Ils se feront une joie de vous r\u00e9pondre !<\/p>\n","protected":false},"excerpt":{"rendered":"<p>Afin de se rencontrer et de vous faire d\u00e9couvrir l\u2019AFIE, nous vous invitons \u00e0 participer au prochain caf\u00e9-d\u00e9bat mensuel. Il a lieu une fois par mois, au Restaurant l\u2019Alsacien&nbsp;(Paris IV\u00e8me). C\u2019est gratuit (une consommation obligatoire) et ouvert aux non membres AFIE. L\u2019inscription en ligne est demand\u00e9e : retrouvez toutes les informations sur la page Facebook [&hellip;]<\/p>\n","protected":false},"author":1,"featured_media":221,"parent":26,"menu_order":3,"comment_status":"closed","ping_status":"closed","template":"","meta":{"footnotes":""},"class_list":["post-28","page","type-page","status-publish","has-post-thumbnail","hentry"],"yoast_head":"<!-- This site is optimized with the Yoast SEO plugin v27.4 - https:\/\/yoast.com\/product\/yoast-seo-wordpress\/ -->\n<title>Caf\u00e9s-D\u00e9bats - AFIE<\/title>\n<meta name=\"robots\" content=\"index, follow, max-snippet:-1, max-image-preview:large, max-video-preview:-1\" \/>\n<link rel=\"canonical\" href=\"https:\/\/afie-asso.fr\/index.php\/actions-de-lafie\/cafes-debats\/\" \/>\n<meta property=\"og:locale\" content=\"fr_FR\" \/>\n<meta property=\"og:type\" content=\"article\" \/>\n<meta property=\"og:title\" content=\"Caf\u00e9s-D\u00e9bats - AFIE\" \/>\n<meta property=\"og:description\" content=\"Afin de se rencontrer et de vous faire d\u00e9couvrir l\u2019AFIE, nous vous invitons \u00e0 participer au prochain caf\u00e9-d\u00e9bat mensuel. Il a lieu une fois par mois, au Restaurant l\u2019Alsacien&nbsp;(Paris IV\u00e8me). C\u2019est gratuit (une consommation obligatoire) et ouvert aux non membres AFIE. L\u2019inscription en ligne est demand\u00e9e : retrouvez toutes les informations sur la page Facebook [&hellip;]\" \/>\n<meta property=\"og:url\" content=\"https:\/\/afie-asso.fr\/index.php\/actions-de-lafie\/cafes-debats\/\" \/>\n<meta property=\"og:site_name\" content=\"AFIE\" \/>\n<meta property=\"article:modified_time\" content=\"2020-06-04T18:08:40+00:00\" \/>\n<meta property=\"og:image\" content=\"https:\/\/afie-asso.fr\/wp-content\/uploads\/2019\/07\/CD.png\" \/>\n\t<meta property=\"og:image:width\" content=\"370\" \/>\n\t<meta property=\"og:image:height\" content=\"370\" \/>\n\t<meta property=\"og:image:type\" content=\"image\/png\" \/>\n<meta name=\"twitter:card\" content=\"summary_large_image\" \/>\n<meta name=\"twitter:label1\" content=\"Dur\u00e9e de lecture estim\u00e9e\" \/>\n\t<meta name=\"twitter:data1\" content=\"1 minute\" \/>\n<script type=\"application\/ld+json\" class=\"yoast-schema-graph\">{\"@context\":\"https:\\\/\\\/schema.org\",\"@graph\":[{\"@type\":\"WebPage\",\"@id\":\"https:\\\/\\\/afie-asso.fr\\\/index.php\\\/actions-de-lafie\\\/cafes-debats\\\/\",\"url\":\"https:\\\/\\\/afie-asso.fr\\\/index.php\\\/actions-de-lafie\\\/cafes-debats\\\/\",\"name\":\"Caf\u00e9s-D\u00e9bats - AFIE\",\"isPartOf\":{\"@id\":\"https:\\\/\\\/afie-asso.fr\\\/#website\"},\"primaryImageOfPage\":{\"@id\":\"https:\\\/\\\/afie-asso.fr\\\/index.php\\\/actions-de-lafie\\\/cafes-debats\\\/#primaryimage\"},\"image\":{\"@id\":\"https:\\\/\\\/afie-asso.fr\\\/index.php\\\/actions-de-lafie\\\/cafes-debats\\\/#primaryimage\"},\"thumbnailUrl\":\"https:\\\/\\\/afie-asso.fr\\\/wp-content\\\/uploads\\\/2019\\\/07\\\/CD.png\",\"datePublished\":\"2019-05-07T14:18:08+00:00\",\"dateModified\":\"2020-06-04T18:08:40+00:00\",\"breadcrumb\":{\"@id\":\"https:\\\/\\\/afie-asso.fr\\\/index.php\\\/actions-de-lafie\\\/cafes-debats\\\/#breadcrumb\"},\"inLanguage\":\"fr-FR\",\"potentialAction\":[{\"@type\":\"ReadAction\",\"target\":[\"https:\\\/\\\/afie-asso.fr\\\/index.php\\\/actions-de-lafie\\\/cafes-debats\\\/\"]}]},{\"@type\":\"ImageObject\",\"inLanguage\":\"fr-FR\",\"@id\":\"https:\\\/\\\/afie-asso.fr\\\/index.php\\\/actions-de-lafie\\\/cafes-debats\\\/#primaryimage\",\"url\":\"https:\\\/\\\/afie-asso.fr\\\/wp-content\\\/uploads\\\/2019\\\/07\\\/CD.png\",\"contentUrl\":\"https:\\\/\\\/afie-asso.fr\\\/wp-content\\\/uploads\\\/2019\\\/07\\\/CD.png\",\"width\":370,\"height\":370},{\"@type\":\"BreadcrumbList\",\"@id\":\"https:\\\/\\\/afie-asso.fr\\\/index.php\\\/actions-de-lafie\\\/cafes-debats\\\/#breadcrumb\",\"itemListElement\":[{\"@type\":\"ListItem\",\"position\":1,\"name\":\"Accueil\",\"item\":\"https:\\\/\\\/afie-asso.fr\\\/\"},{\"@type\":\"ListItem\",\"position\":2,\"name\":\"Actions de l&rsquo;AFIE\",\"item\":\"https:\\\/\\\/afie-asso.fr\\\/index.php\\\/actions-de-lafie\\\/\"},{\"@type\":\"ListItem\",\"position\":3,\"name\":\"Caf\u00e9s-D\u00e9bats\"}]},{\"@type\":\"WebSite\",\"@id\":\"https:\\\/\\\/afie-asso.fr\\\/#website\",\"url\":\"https:\\\/\\\/afie-asso.fr\\\/\",\"name\":\"AFIE\",\"description\":\"Association Fran\u00e7aise Interprofessionnelle des Ecologues\",\"publisher\":{\"@id\":\"https:\\\/\\\/afie-asso.fr\\\/#organization\"},\"potentialAction\":[{\"@type\":\"SearchAction\",\"target\":{\"@type\":\"EntryPoint\",\"urlTemplate\":\"https:\\\/\\\/afie-asso.fr\\\/?s={search_term_string}\"},\"query-input\":{\"@type\":\"PropertyValueSpecification\",\"valueRequired\":true,\"valueName\":\"search_term_string\"}}],\"inLanguage\":\"fr-FR\"},{\"@type\":\"Organization\",\"@id\":\"https:\\\/\\\/afie-asso.fr\\\/#organization\",\"name\":\"AFIE\",\"url\":\"https:\\\/\\\/afie-asso.fr\\\/\",\"logo\":{\"@type\":\"ImageObject\",\"inLanguage\":\"fr-FR\",\"@id\":\"https:\\\/\\\/afie-asso.fr\\\/#\\\/schema\\\/logo\\\/image\\\/\",\"url\":\"https:\\\/\\\/afie-asso.fr\\\/wp-content\\\/uploads\\\/2019\\\/05\\\/cropped-logo-AFIE-3.png\",\"contentUrl\":\"https:\\\/\\\/afie-asso.fr\\\/wp-content\\\/uploads\\\/2019\\\/05\\\/cropped-logo-AFIE-3.png\",\"width\":555,\"height\":459,\"caption\":\"AFIE\"},\"image\":{\"@id\":\"https:\\\/\\\/afie-asso.fr\\\/#\\\/schema\\\/logo\\\/image\\\/\"}}]}<\/script>\n<!-- \/ Yoast SEO plugin. -->","yoast_head_json":{"title":"Caf\u00e9s-D\u00e9bats - AFIE","robots":{"index":"index","follow":"follow","max-snippet":"max-snippet:-1","max-image-preview":"max-image-preview:large","max-video-preview":"max-video-preview:-1"},"canonical":"https:\/\/afie-asso.fr\/index.php\/actions-de-lafie\/cafes-debats\/","og_locale":"fr_FR","og_type":"article","og_title":"Caf\u00e9s-D\u00e9bats - AFIE","og_description":"Afin de se rencontrer et de vous faire d\u00e9couvrir l\u2019AFIE, nous vous invitons \u00e0 participer au prochain caf\u00e9-d\u00e9bat mensuel. Il a lieu une fois par mois, au Restaurant l\u2019Alsacien&nbsp;(Paris IV\u00e8me). C\u2019est gratuit (une consommation obligatoire) et ouvert aux non membres AFIE. L\u2019inscription en ligne est demand\u00e9e : retrouvez toutes les informations sur la page Facebook [&hellip;]","og_url":"https:\/\/afie-asso.fr\/index.php\/actions-de-lafie\/cafes-debats\/","og_site_name":"AFIE","article_modified_time":"2020-06-04T18:08:40+00:00","og_image":[{"width":370,"height":370,"url":"https:\/\/afie-asso.fr\/wp-content\/uploads\/2019\/07\/CD.png","type":"image\/png"}],"twitter_card":"summary_large_image","twitter_misc":{"Dur\u00e9e de lecture estim\u00e9e":"1 minute"},"schema":{"@context":"https:\/\/schema.org","@graph":[{"@type":"WebPage","@id":"https:\/\/afie-asso.fr\/index.php\/actions-de-lafie\/cafes-debats\/","url":"https:\/\/afie-asso.fr\/index.php\/actions-de-lafie\/cafes-debats\/","name":"Caf\u00e9s-D\u00e9bats - AFIE","isPartOf":{"@id":"https:\/\/afie-asso.fr\/#website"},"primaryImageOfPage":{"@id":"https:\/\/afie-asso.fr\/index.php\/actions-de-lafie\/cafes-debats\/#primaryimage"},"image":{"@id":"https:\/\/afie-asso.fr\/index.php\/actions-de-lafie\/cafes-debats\/#primaryimage"},"thumbnailUrl":"https:\/\/afie-asso.fr\/wp-content\/uploads\/2019\/07\/CD.png","datePublished":"2019-05-07T14:18:08+00:00","dateModified":"2020-06-04T18:08:40+00:00","breadcrumb":{"@id":"https:\/\/afie-asso.fr\/index.php\/actions-de-lafie\/cafes-debats\/#breadcrumb"},"inLanguage":"fr-FR","potentialAction":[{"@type":"ReadAction","target":["https:\/\/afie-asso.fr\/index.php\/actions-de-lafie\/cafes-debats\/"]}]},{"@type":"ImageObject","inLanguage":"fr-FR","@id":"https:\/\/afie-asso.fr\/index.php\/actions-de-lafie\/cafes-debats\/#primaryimage","url":"https:\/\/afie-asso.fr\/wp-content\/uploads\/2019\/07\/CD.png","contentUrl":"https:\/\/afie-asso.fr\/wp-content\/uploads\/2019\/07\/CD.png","width":370,"height":370},{"@type":"BreadcrumbList","@id":"https:\/\/afie-asso.fr\/index.php\/actions-de-lafie\/cafes-debats\/#breadcrumb","itemListElement":[{"@type":"ListItem","position":1,"name":"Accueil","item":"https:\/\/afie-asso.fr\/"},{"@type":"ListItem","position":2,"name":"Actions de l&rsquo;AFIE","item":"https:\/\/afie-asso.fr\/index.php\/actions-de-lafie\/"},{"@type":"ListItem","position":3,"name":"Caf\u00e9s-D\u00e9bats"}]},{"@type":"WebSite","@id":"https:\/\/afie-asso.fr\/#website","url":"https:\/\/afie-asso.fr\/","name":"AFIE","description":"Association Fran\u00e7aise Interprofessionnelle des Ecologues","publisher":{"@id":"https:\/\/afie-asso.fr\/#organization"},"potentialAction":[{"@type":"SearchAction","target":{"@type":"EntryPoint","urlTemplate":"https:\/\/afie-asso.fr\/?s={search_term_string}"},"query-input":{"@type":"PropertyValueSpecification","valueRequired":true,"valueName":"search_term_string"}}],"inLanguage":"fr-FR"},{"@type":"Organization","@id":"https:\/\/afie-asso.fr\/#organization","name":"AFIE","url":"https:\/\/afie-asso.fr\/","logo":{"@type":"ImageObject","inLanguage":"fr-FR","@id":"https:\/\/afie-asso.fr\/#\/schema\/logo\/image\/","url":"https:\/\/afie-asso.fr\/wp-content\/uploads\/2019\/05\/cropped-logo-AFIE-3.png","contentUrl":"https:\/\/afie-asso.fr\/wp-content\/uploads\/2019\/05\/cropped-logo-AFIE-3.png","width":555,"height":459,"caption":"AFIE"},"image":{"@id":"https:\/\/afie-asso.fr\/#\/schema\/logo\/image\/"}}]}},"rttpg_featured_image_url":{"full":["https:\/\/afie-asso.fr\/wp-content\/uploads\/2019\/07\/CD.png",370,370,false],"landscape":["https:\/\/afie-asso.fr\/wp-content\/uploads\/2019\/07\/CD.png",370,370,false],"portraits":["https:\/\/afie-asso.fr\/wp-content\/uploads\/2019\/07\/CD.png",370,370,false],"thumbnail":["https:\/\/afie-asso.fr\/wp-content\/uploads\/2019\/07\/CD-150x150.png",150,150,true],"medium":["https:\/\/afie-asso.fr\/wp-content\/uploads\/2019\/07\/CD-300x300.png",300,300,true],"large":["https:\/\/afie-asso.fr\/wp-content\/uploads\/2019\/07\/CD.png",370,370,false],"1536x1536":["https:\/\/afie-asso.fr\/wp-content\/uploads\/2019\/07\/CD.png",370,370,false],"2048x2048":["https:\/\/afie-asso.fr\/wp-content\/uploads\/2019\/07\/CD.png",370,370,false]},"rttpg_author":{"display_name":"M\u00e9lanie","author_link":"https:\/\/afie-asso.fr\/index.php\/author\/admin6654\/"},"rttpg_comment":0,"rttpg_category":null,"rttpg_excerpt":"Afin de se rencontrer et de vous faire d\u00e9couvrir l\u2019AFIE, nous vous invitons \u00e0 participer au prochain caf\u00e9-d\u00e9bat mensuel. Il a lieu une fois par mois, au Restaurant l\u2019Alsacien&nbsp;(Paris IV\u00e8me). C\u2019est gratuit (une consommation obligatoire) et ouvert aux non membres AFIE. L\u2019inscription en ligne est demand\u00e9e : retrouvez toutes les informations sur la page Facebook\u2026","_links":{"self":[{"href":"https:\/\/afie-asso.fr\/index.php\/wp-json\/wp\/v2\/pages\/28","targetHints":{"allow":["GET"]}}],"collection":[{"href":"https:\/\/afie-asso.fr\/index.php\/wp-json\/wp\/v2\/pages"}],"about":[{"href":"https:\/\/afie-asso.fr\/index.php\/wp-json\/wp\/v2\/types\/page"}],"author":[{"embeddable":true,"href":"https:\/\/afie-asso.fr\/index.php\/wp-json\/wp\/v2\/users\/1"}],"replies":[{"embeddable":true,"href":"https:\/\/afie-asso.fr\/index.php\/wp-json\/wp\/v2\/comments?post=28"}],"version-history":[{"count":10,"href":"https:\/\/afie-asso.fr\/index.php\/wp-json\/wp\/v2\/pages\/28\/revisions"}],"predecessor-version":[{"id":738,"href":"https:\/\/afie-asso.fr\/index.php\/wp-json\/wp\/v2\/pages\/28\/revisions\/738"}],"up":[{"embeddable":true,"href":"https:\/\/afie-asso.fr\/index.php\/wp-json\/wp\/v2\/pages\/26"}],"wp:featuredmedia":[{"embeddable":true,"href":"https:\/\/afie-asso.fr\/index.php\/wp-json\/wp\/v2\/media\/221"}],"wp:attachment":[{"href":"https:\/\/afie-asso.fr\/index.php\/wp-json\/wp\/v2\/media?parent=28"}],"curies":[{"name":"wp","href":"https:\/\/api.w.org\/{rel}","templated":true}]}}