{"id":11,"date":"2019-05-07T16:12:31","date_gmt":"2019-05-07T14:12:31","guid":{"rendered":"http:\/\/afie-asso.fr\/?page_id=11"},"modified":"2023-06-16T11:17:47","modified_gmt":"2023-06-16T09:17:47","slug":"missions-et-actions","status":"publish","type":"page","link":"https:\/\/afie-asso.fr\/index.php\/presentation-de-lafie\/missions-et-actions\/","title":{"rendered":"Missions et Actions"},"content":{"rendered":"\n<figure class=\"wp-block-gallery has-nested-images columns-default is-cropped wp-block-gallery-1 is-layout-flex wp-block-gallery-is-layout-flex\">\n<figure class=\"wp-block-image size-large\"><img loading=\"lazy\" decoding=\"async\" width=\"848\" height=\"565\" data-id=\"715\" src=\"https:\/\/afie-asso.fr\/wp-content\/uploads\/2020\/06\/Instances_02.jpg\" alt=\"\" class=\"wp-image-715\" srcset=\"https:\/\/afie-asso.fr\/wp-content\/uploads\/2020\/06\/Instances_02.jpg 848w, https:\/\/afie-asso.fr\/wp-content\/uploads\/2020\/06\/Instances_02-300x200.jpg 300w, https:\/\/afie-asso.fr\/wp-content\/uploads\/2020\/06\/Instances_02-768x512.jpg 768w\" sizes=\"auto, (max-width: 848px) 100vw, 848px\" \/><\/figure>\n\n\n\n<figure class=\"wp-block-image size-large\"><img loading=\"lazy\" decoding=\"async\" width=\"849\" height=\"564\" data-id=\"736\" src=\"https:\/\/afie-asso.fr\/wp-content\/uploads\/2020\/06\/Missions_04.jpg\" alt=\"\" class=\"wp-image-736\" srcset=\"https:\/\/afie-asso.fr\/wp-content\/uploads\/2020\/06\/Missions_04.jpg 849w, https:\/\/afie-asso.fr\/wp-content\/uploads\/2020\/06\/Missions_04-300x199.jpg 300w, https:\/\/afie-asso.fr\/wp-content\/uploads\/2020\/06\/Missions_04-768x510.jpg 768w\" sizes=\"auto, (max-width: 849px) 100vw, 849px\" \/><\/figure>\n\n\n\n<figure class=\"wp-block-image size-large\"><img loading=\"lazy\" decoding=\"async\" width=\"848\" height=\"565\" data-id=\"719\" src=\"https:\/\/afie-asso.fr\/wp-content\/uploads\/2020\/06\/Missions_03.jpg\" alt=\"\" class=\"wp-image-719\" srcset=\"https:\/\/afie-asso.fr\/wp-content\/uploads\/2020\/06\/Missions_03.jpg 848w, https:\/\/afie-asso.fr\/wp-content\/uploads\/2020\/06\/Missions_03-300x200.jpg 300w, https:\/\/afie-asso.fr\/wp-content\/uploads\/2020\/06\/Missions_03-768x512.jpg 768w\" sizes=\"auto, (max-width: 848px) 100vw, 848px\" \/><\/figure>\n<\/figure>\n\n\n\n<h2 class=\"wp-block-heading\">Missions et Actions<\/h2>\n\n\n\n<p>\u00c9tablie depuis 1979, l\u2019AFIE est constitu\u00e9e de professionnels travaillant dans le secteur de l\u2019\u00e9cologie appliqu\u00e9e au sein de bureaux d\u2019\u00e9tudes, de collectivit\u00e9s territoriales, de services de l\u2019\u00e9tat, d\u2019\u00e9tablissements publics, de laboratoires de recherche, d\u2019\u00e9tablissements d\u2019enseignement sup\u00e9rieur, d\u2019ONG et d\u2019entreprises.<\/p>\n\n\n\n<p>L\u2019AFIE se donne vocation \u00e0 promouvoir des comp\u00e9tences et des savoir-faire de pointe en ing\u00e9nierie \u00e9cologique dans le souci de prise en compte des enjeux de pr\u00e9servation du patrimoine naturel fran\u00e7ais dans tous les secteurs d\u2019activit\u00e9s.<\/p>\n\n\n\n<p>Depuis le 5 avril 2014, l\u2019AFIE est ouverte \u00e0 toutes personnes dipl\u00f4m\u00e9es d\u2019une formation initiale de niveau bac + 2 ou plus contenant des enseignements en \u00e9cologie. Par ailleurs, toute personne non \u00e9cologue souhaitant soutenir l\u2019association peut adh\u00e9rer en tant que \u00ab Sympathisant \u00bb.<\/p>\n\n\n\n<h2 class=\"wp-block-heading\">Les missions de l\u2019AFIE<\/h2>\n\n\n\n<p>L\u2019AFIE a deux objectifs principaux :<br>\u2013 favoriser la prise en compte des lois de l\u2019\u00e9cologie dans l\u2019am\u00e9nagement du territoire et la gestion des milieux naturels<br>\u2013 promouvoir la profession d\u2019\u00e9cologue et plus g\u00e9n\u00e9ralement le professionnalisme en environnement<\/p>\n\n\n\n<h2 class=\"wp-block-heading\">Les actions de l\u2019AFIE<\/h2>\n\n\n\n<p>La premi\u00e8re action de l\u2019AFIE pour atteindre ses objectifs est l\u2019entretien d\u2019un r\u00e9seau de professionnels via un groupe de discussion, un site internet ainsi que la tenue de r\u00e9unions, caf\u00e9s-d\u00e9bats, journ\u00e9es techniques et sorties ouverts \u00e0 tous&nbsp;; lesquels constituent d\u2019excellentes occasions pour les \u00e9cologues de se r\u00e9unir, de d\u00e9battre et d\u2019\u00e9changer sur leurs pratiques professionnelles, et aux non \u00e9cologues de se renseigner et participer \u00e0 la&nbsp;protection de la biodiversit\u00e9 et des milieux naturels.<\/p>\n\n\n\n<p>De par la force de son r\u00e9seau et son expertise en mati\u00e8re de biodiversit\u00e9 et d&rsquo;\u00e9cologie, l&rsquo;AFIE est fr\u00e9quemment sollicit\u00e9e pour fournir son expertise au sein de nombreuses&nbsp;commissions strat\u00e9giques et\/ou de jury en lien avec l&rsquo;\u00e9cologie. Parmi les principales, citons au niveau international l&rsquo;UICN, et au niveau fran\u00e7ais le Comit\u00e9 National de la Biodiversit\u00e9, qui conseille le Ministre de l&rsquo;\u00c9cologie&nbsp;(l&rsquo;AFIE co-pilote entre autres l&rsquo;une des 4 commissions sp\u00e9cialis\u00e9es),&nbsp;&nbsp;la Fondation pour la Recherche sur la Biodiversit\u00e9 ou bien encore de Comit\u00e9 Scientifique et Technique des Assises Nationales de la Biodiversit\u00e9.<\/p>\n\n\n\n<p>L\u2019AFIE s\u2019efforce de faire reconna\u00eetre l\u2019importance du m\u00e9tier d\u2019\u00c9cologue \u00e0 travers la prise en compte des connaissances scientifiques en \u00e9cologie dans toutes les sph\u00e8res actives de la soci\u00e9t\u00e9 moderne. \u00c9tant donn\u00e9 que le r\u00e9seau de l\u2019AFIE comprend un spectre tr\u00e8s large de comp\u00e9tences, l\u2019association organise des journ\u00e9es techniques de formation sur des th\u00e8mes aussi vari\u00e9s que la protection des zones humides, l\u2019am\u00e9nagement des zones p\u00e9ri-urbaines, les trames vertes et bleues, les protocoles d\u2019inventaires, etc.<br>Les&nbsp;membres de l&rsquo;AFIE&nbsp;interviennent par ailleurs dans de nombreuses formations sup\u00e9rieures en \u00c9cologie, en tant qu&rsquo;intervenant, enseignant voire responsable de formation,&nbsp;et l&rsquo;AFIE si\u00e8ge dans de nombreux comit\u00e9s de perfectionnement de Master (formation Bac+5).<\/p>\n\n\n\n<h2 class=\"wp-block-heading\">Rapports d&rsquo;activit\u00e9s<\/h2>\n\n\n\n<p>Retrouvez ci-dessous les derniers rapports d&rsquo;activit\u00e9s et d\u00e9couvrez dans le d\u00e9tail les actions de l&rsquo;AFIE !<\/p>\n\n\n\n<p><a href=\"https:\/\/afie-asso.fr\/wp-content\/uploads\/2023\/06\/Rapport_activites_2022.pdf\" target=\"_blank\" rel=\"noreferrer noopener\">Rapport d&rsquo;activit\u00e9s 2022<\/a><\/p>\n\n\n\n<p><a href=\"https:\/\/afie-asso.fr\/wp-content\/uploads\/2023\/06\/AFIE_Rapport_activites_2021.pdf\" target=\"_blank\" rel=\"noreferrer noopener\">Rapport d&rsquo;activit\u00e9s 2021<\/a><\/p>\n\n\n\n<hr class=\"wp-block-separator has-css-opacity\"\/>\n\n\n\n<p>Vous souhaitez communiquer autour de vous sur les actions de l&rsquo;AFIE ? N&rsquo;h\u00e9sitez pas \u00e0 t\u00e9l\u00e9charger la <strong>plaquette <\/strong>de l&rsquo;association.<\/p>\n\n\n\n<div class=\"wp-block-file aligncenter\"><a id=\"wp-block-file--media-69a585c9-87eb-4955-9823-fffe5f066d75\" href=\"https:\/\/afie-asso.fr\/wp-content\/uploads\/2021\/02\/AFIE_plaquette_web.pdf\">AFIE_plaquette_web<\/a><a href=\"https:\/\/afie-asso.fr\/wp-content\/uploads\/2021\/02\/AFIE_plaquette_web.pdf\" class=\"wp-block-file__button wp-element-button\" download aria-describedby=\"wp-block-file--media-69a585c9-87eb-4955-9823-fffe5f066d75\">T\u00e9l\u00e9charger<\/a><\/div>\n\n\n\n<div class=\"wp-block-buttons is-layout-flex wp-block-buttons-is-layout-flex\"><\/div>\n\n\n\n<p><\/p>\n","protected":false},"excerpt":{"rendered":"<p>Missions et Actions \u00c9tablie depuis 1979, l\u2019AFIE est constitu\u00e9e de professionnels travaillant dans le secteur de l\u2019\u00e9cologie appliqu\u00e9e au sein de bureaux d\u2019\u00e9tudes, de collectivit\u00e9s territoriales, de services de l\u2019\u00e9tat, d\u2019\u00e9tablissements publics, de laboratoires de recherche, d\u2019\u00e9tablissements d\u2019enseignement sup\u00e9rieur, d\u2019ONG et d\u2019entreprises. L\u2019AFIE se donne vocation \u00e0 promouvoir des comp\u00e9tences et des savoir-faire de pointe [&hellip;]<\/p>\n","protected":false},"author":1,"featured_media":0,"parent":23,"menu_order":1,"comment_status":"closed","ping_status":"closed","template":"","meta":{"footnotes":""},"class_list":["post-11","page","type-page","status-publish","hentry"],"yoast_head":"<!-- This site is optimized with the Yoast SEO plugin v27.4 - https:\/\/yoast.com\/product\/yoast-seo-wordpress\/ -->\n<title>Missions et Actions - AFIE<\/title>\n<meta name=\"robots\" content=\"index, follow, max-snippet:-1, max-image-preview:large, max-video-preview:-1\" \/>\n<link rel=\"canonical\" href=\"https:\/\/afie-asso.fr\/index.php\/presentation-de-lafie\/missions-et-actions\/\" \/>\n<meta property=\"og:locale\" content=\"fr_FR\" \/>\n<meta property=\"og:type\" content=\"article\" \/>\n<meta property=\"og:title\" content=\"Missions et Actions - AFIE\" \/>\n<meta property=\"og:description\" content=\"Missions et Actions \u00c9tablie depuis 1979, l\u2019AFIE est constitu\u00e9e de professionnels travaillant dans le secteur de l\u2019\u00e9cologie appliqu\u00e9e au sein de bureaux d\u2019\u00e9tudes, de collectivit\u00e9s territoriales, de services de l\u2019\u00e9tat, d\u2019\u00e9tablissements publics, de laboratoires de recherche, d\u2019\u00e9tablissements d\u2019enseignement sup\u00e9rieur, d\u2019ONG et d\u2019entreprises. L\u2019AFIE se donne vocation \u00e0 promouvoir des comp\u00e9tences et des savoir-faire de pointe [&hellip;]\" \/>\n<meta property=\"og:url\" content=\"https:\/\/afie-asso.fr\/index.php\/presentation-de-lafie\/missions-et-actions\/\" \/>\n<meta property=\"og:site_name\" content=\"AFIE\" \/>\n<meta property=\"article:modified_time\" content=\"2023-06-16T09:17:47+00:00\" \/>\n<meta property=\"og:image\" content=\"https:\/\/afie-asso.fr\/wp-content\/uploads\/2020\/06\/Instances_02.jpg\" \/>\n<meta name=\"twitter:card\" content=\"summary_large_image\" \/>\n<meta name=\"twitter:label1\" content=\"Dur\u00e9e de lecture estim\u00e9e\" \/>\n\t<meta name=\"twitter:data1\" content=\"4 minutes\" \/>\n<script type=\"application\/ld+json\" class=\"yoast-schema-graph\">{\"@context\":\"https:\\\/\\\/schema.org\",\"@graph\":[{\"@type\":\"WebPage\",\"@id\":\"https:\\\/\\\/afie-asso.fr\\\/index.php\\\/presentation-de-lafie\\\/missions-et-actions\\\/\",\"url\":\"https:\\\/\\\/afie-asso.fr\\\/index.php\\\/presentation-de-lafie\\\/missions-et-actions\\\/\",\"name\":\"Missions et Actions - AFIE\",\"isPartOf\":{\"@id\":\"https:\\\/\\\/afie-asso.fr\\\/#website\"},\"primaryImageOfPage\":{\"@id\":\"https:\\\/\\\/afie-asso.fr\\\/index.php\\\/presentation-de-lafie\\\/missions-et-actions\\\/#primaryimage\"},\"image\":{\"@id\":\"https:\\\/\\\/afie-asso.fr\\\/index.php\\\/presentation-de-lafie\\\/missions-et-actions\\\/#primaryimage\"},\"thumbnailUrl\":\"https:\\\/\\\/afie-asso.fr\\\/wp-content\\\/uploads\\\/2020\\\/06\\\/Instances_02.jpg\",\"datePublished\":\"2019-05-07T14:12:31+00:00\",\"dateModified\":\"2023-06-16T09:17:47+00:00\",\"breadcrumb\":{\"@id\":\"https:\\\/\\\/afie-asso.fr\\\/index.php\\\/presentation-de-lafie\\\/missions-et-actions\\\/#breadcrumb\"},\"inLanguage\":\"fr-FR\",\"potentialAction\":[{\"@type\":\"ReadAction\",\"target\":[\"https:\\\/\\\/afie-asso.fr\\\/index.php\\\/presentation-de-lafie\\\/missions-et-actions\\\/\"]}]},{\"@type\":\"ImageObject\",\"inLanguage\":\"fr-FR\",\"@id\":\"https:\\\/\\\/afie-asso.fr\\\/index.php\\\/presentation-de-lafie\\\/missions-et-actions\\\/#primaryimage\",\"url\":\"https:\\\/\\\/afie-asso.fr\\\/wp-content\\\/uploads\\\/2020\\\/06\\\/Instances_02.jpg\",\"contentUrl\":\"https:\\\/\\\/afie-asso.fr\\\/wp-content\\\/uploads\\\/2020\\\/06\\\/Instances_02.jpg\",\"width\":848,\"height\":565},{\"@type\":\"BreadcrumbList\",\"@id\":\"https:\\\/\\\/afie-asso.fr\\\/index.php\\\/presentation-de-lafie\\\/missions-et-actions\\\/#breadcrumb\",\"itemListElement\":[{\"@type\":\"ListItem\",\"position\":1,\"name\":\"Accueil\",\"item\":\"https:\\\/\\\/afie-asso.fr\\\/\"},{\"@type\":\"ListItem\",\"position\":2,\"name\":\"Pr\u00e9sentation de l&rsquo;AFIE\",\"item\":\"https:\\\/\\\/afie-asso.fr\\\/index.php\\\/presentation-de-lafie\\\/\"},{\"@type\":\"ListItem\",\"position\":3,\"name\":\"Missions et Actions\"}]},{\"@type\":\"WebSite\",\"@id\":\"https:\\\/\\\/afie-asso.fr\\\/#website\",\"url\":\"https:\\\/\\\/afie-asso.fr\\\/\",\"name\":\"AFIE\",\"description\":\"Association Fran\u00e7aise Interprofessionnelle des Ecologues\",\"publisher\":{\"@id\":\"https:\\\/\\\/afie-asso.fr\\\/#organization\"},\"potentialAction\":[{\"@type\":\"SearchAction\",\"target\":{\"@type\":\"EntryPoint\",\"urlTemplate\":\"https:\\\/\\\/afie-asso.fr\\\/?s={search_term_string}\"},\"query-input\":{\"@type\":\"PropertyValueSpecification\",\"valueRequired\":true,\"valueName\":\"search_term_string\"}}],\"inLanguage\":\"fr-FR\"},{\"@type\":\"Organization\",\"@id\":\"https:\\\/\\\/afie-asso.fr\\\/#organization\",\"name\":\"AFIE\",\"url\":\"https:\\\/\\\/afie-asso.fr\\\/\",\"logo\":{\"@type\":\"ImageObject\",\"inLanguage\":\"fr-FR\",\"@id\":\"https:\\\/\\\/afie-asso.fr\\\/#\\\/schema\\\/logo\\\/image\\\/\",\"url\":\"https:\\\/\\\/afie-asso.fr\\\/wp-content\\\/uploads\\\/2019\\\/05\\\/cropped-logo-AFIE-3.png\",\"contentUrl\":\"https:\\\/\\\/afie-asso.fr\\\/wp-content\\\/uploads\\\/2019\\\/05\\\/cropped-logo-AFIE-3.png\",\"width\":555,\"height\":459,\"caption\":\"AFIE\"},\"image\":{\"@id\":\"https:\\\/\\\/afie-asso.fr\\\/#\\\/schema\\\/logo\\\/image\\\/\"}}]}<\/script>\n<!-- \/ Yoast SEO plugin. -->","yoast_head_json":{"title":"Missions et Actions - AFIE","robots":{"index":"index","follow":"follow","max-snippet":"max-snippet:-1","max-image-preview":"max-image-preview:large","max-video-preview":"max-video-preview:-1"},"canonical":"https:\/\/afie-asso.fr\/index.php\/presentation-de-lafie\/missions-et-actions\/","og_locale":"fr_FR","og_type":"article","og_title":"Missions et Actions - AFIE","og_description":"Missions et Actions \u00c9tablie depuis 1979, l\u2019AFIE est constitu\u00e9e de professionnels travaillant dans le secteur de l\u2019\u00e9cologie appliqu\u00e9e au sein de bureaux d\u2019\u00e9tudes, de collectivit\u00e9s territoriales, de services de l\u2019\u00e9tat, d\u2019\u00e9tablissements publics, de laboratoires de recherche, d\u2019\u00e9tablissements d\u2019enseignement sup\u00e9rieur, d\u2019ONG et d\u2019entreprises. L\u2019AFIE se donne vocation \u00e0 promouvoir des comp\u00e9tences et des savoir-faire de pointe [&hellip;]","og_url":"https:\/\/afie-asso.fr\/index.php\/presentation-de-lafie\/missions-et-actions\/","og_site_name":"AFIE","article_modified_time":"2023-06-16T09:17:47+00:00","og_image":[{"url":"https:\/\/afie-asso.fr\/wp-content\/uploads\/2020\/06\/Instances_02.jpg","type":"","width":"","height":""}],"twitter_card":"summary_large_image","twitter_misc":{"Dur\u00e9e de lecture estim\u00e9e":"4 minutes"},"schema":{"@context":"https:\/\/schema.org","@graph":[{"@type":"WebPage","@id":"https:\/\/afie-asso.fr\/index.php\/presentation-de-lafie\/missions-et-actions\/","url":"https:\/\/afie-asso.fr\/index.php\/presentation-de-lafie\/missions-et-actions\/","name":"Missions et Actions - AFIE","isPartOf":{"@id":"https:\/\/afie-asso.fr\/#website"},"primaryImageOfPage":{"@id":"https:\/\/afie-asso.fr\/index.php\/presentation-de-lafie\/missions-et-actions\/#primaryimage"},"image":{"@id":"https:\/\/afie-asso.fr\/index.php\/presentation-de-lafie\/missions-et-actions\/#primaryimage"},"thumbnailUrl":"https:\/\/afie-asso.fr\/wp-content\/uploads\/2020\/06\/Instances_02.jpg","datePublished":"2019-05-07T14:12:31+00:00","dateModified":"2023-06-16T09:17:47+00:00","breadcrumb":{"@id":"https:\/\/afie-asso.fr\/index.php\/presentation-de-lafie\/missions-et-actions\/#breadcrumb"},"inLanguage":"fr-FR","potentialAction":[{"@type":"ReadAction","target":["https:\/\/afie-asso.fr\/index.php\/presentation-de-lafie\/missions-et-actions\/"]}]},{"@type":"ImageObject","inLanguage":"fr-FR","@id":"https:\/\/afie-asso.fr\/index.php\/presentation-de-lafie\/missions-et-actions\/#primaryimage","url":"https:\/\/afie-asso.fr\/wp-content\/uploads\/2020\/06\/Instances_02.jpg","contentUrl":"https:\/\/afie-asso.fr\/wp-content\/uploads\/2020\/06\/Instances_02.jpg","width":848,"height":565},{"@type":"BreadcrumbList","@id":"https:\/\/afie-asso.fr\/index.php\/presentation-de-lafie\/missions-et-actions\/#breadcrumb","itemListElement":[{"@type":"ListItem","position":1,"name":"Accueil","item":"https:\/\/afie-asso.fr\/"},{"@type":"ListItem","position":2,"name":"Pr\u00e9sentation de l&rsquo;AFIE","item":"https:\/\/afie-asso.fr\/index.php\/presentation-de-lafie\/"},{"@type":"ListItem","position":3,"name":"Missions et Actions"}]},{"@type":"WebSite","@id":"https:\/\/afie-asso.fr\/#website","url":"https:\/\/afie-asso.fr\/","name":"AFIE","description":"Association Fran\u00e7aise Interprofessionnelle des Ecologues","publisher":{"@id":"https:\/\/afie-asso.fr\/#organization"},"potentialAction":[{"@type":"SearchAction","target":{"@type":"EntryPoint","urlTemplate":"https:\/\/afie-asso.fr\/?s={search_term_string}"},"query-input":{"@type":"PropertyValueSpecification","valueRequired":true,"valueName":"search_term_string"}}],"inLanguage":"fr-FR"},{"@type":"Organization","@id":"https:\/\/afie-asso.fr\/#organization","name":"AFIE","url":"https:\/\/afie-asso.fr\/","logo":{"@type":"ImageObject","inLanguage":"fr-FR","@id":"https:\/\/afie-asso.fr\/#\/schema\/logo\/image\/","url":"https:\/\/afie-asso.fr\/wp-content\/uploads\/2019\/05\/cropped-logo-AFIE-3.png","contentUrl":"https:\/\/afie-asso.fr\/wp-content\/uploads\/2019\/05\/cropped-logo-AFIE-3.png","width":555,"height":459,"caption":"AFIE"},"image":{"@id":"https:\/\/afie-asso.fr\/#\/schema\/logo\/image\/"}}]}},"rttpg_featured_image_url":null,"rttpg_author":{"display_name":"M\u00e9lanie","author_link":"https:\/\/afie-asso.fr\/index.php\/author\/admin6654\/"},"rttpg_comment":0,"rttpg_category":null,"rttpg_excerpt":"Missions et Actions \u00c9tablie depuis 1979, l\u2019AFIE est constitu\u00e9e de professionnels travaillant dans le secteur de l\u2019\u00e9cologie appliqu\u00e9e au sein de bureaux d\u2019\u00e9tudes, de collectivit\u00e9s territoriales, de services de l\u2019\u00e9tat, d\u2019\u00e9tablissements publics, de laboratoires de recherche, d\u2019\u00e9tablissements d\u2019enseignement sup\u00e9rieur, d\u2019ONG et d\u2019entreprises. L\u2019AFIE se donne vocation \u00e0 promouvoir des comp\u00e9tences et des savoir-faire de pointe\u2026","_links":{"self":[{"href":"https:\/\/afie-asso.fr\/index.php\/wp-json\/wp\/v2\/pages\/11","targetHints":{"allow":["GET"]}}],"collection":[{"href":"https:\/\/afie-asso.fr\/index.php\/wp-json\/wp\/v2\/pages"}],"about":[{"href":"https:\/\/afie-asso.fr\/index.php\/wp-json\/wp\/v2\/types\/page"}],"author":[{"embeddable":true,"href":"https:\/\/afie-asso.fr\/index.php\/wp-json\/wp\/v2\/users\/1"}],"replies":[{"embeddable":true,"href":"https:\/\/afie-asso.fr\/index.php\/wp-json\/wp\/v2\/comments?post=11"}],"version-history":[{"count":16,"href":"https:\/\/afie-asso.fr\/index.php\/wp-json\/wp\/v2\/pages\/11\/revisions"}],"predecessor-version":[{"id":1323,"href":"https:\/\/afie-asso.fr\/index.php\/wp-json\/wp\/v2\/pages\/11\/revisions\/1323"}],"up":[{"embeddable":true,"href":"https:\/\/afie-asso.fr\/index.php\/wp-json\/wp\/v2\/pages\/23"}],"wp:attachment":[{"href":"https:\/\/afie-asso.fr\/index.php\/wp-json\/wp\/v2\/media?parent=11"}],"curies":[{"name":"wp","href":"https:\/\/api.w.org\/{rel}","templated":true}]}}